Last updated on 2023-12-07 04:56:34 CET.
Flavor | Version | Tinstall | Tcheck | Ttotal | Status | Flags |
---|---|---|---|---|---|---|
r-devel-linux-x86_64-debian-clang | 1.0.0 | 251.07 | 433.77 | 684.84 | NOTE | |
r-devel-linux-x86_64-debian-gcc | 1.0.0 | 169.10 | 318.30 | 487.40 | NOTE | |
r-devel-linux-x86_64-fedora-clang | 1.0.0 | 809.40 | NOTE | |||
r-devel-linux-x86_64-fedora-gcc | 1.0.0 | 794.76 | NOTE | |||
r-devel-windows-x86_64 | 1.0.0 | 178.00 | 322.00 | 500.00 | NOTE | |
r-patched-linux-x86_64 | 1.0.0 | 149.03 | 406.06 | 555.09 | NOTE | |
r-release-linux-x86_64 | 1.0.0 | 158.33 | 409.38 | 567.71 | NOTE | |
r-release-macos-arm64 | 1.0.0 | 238.00 | NOTE | |||
r-release-macos-x86_64 | 1.0.0 | 391.00 | NOTE | |||
r-release-windows-x86_64 | 1.0.0 | 240.00 | 430.00 | 670.00 | NOTE | |
r-oldrel-macos-arm64 | 1.0.0 | 155.00 | NOTE | |||
r-oldrel-macos-x86_64 | 1.0.0 | 249.00 | NOTE | |||
r-oldrel-windows-x86_64 | 1.0.0 | 219.00 | 397.00 | 616.00 | NOTE |
Version: 1.0.0
Check: package dependencies
Result: NOTE
Package suggested but not available for checking: ‘gurobi’
Flavors: r-devel-linux-x86_64-debian-clang, r-devel-linux-x86_64-debian-gcc, r-devel-linux-x86_64-fedora-clang, r-devel-linux-x86_64-fedora-gcc, r-devel-windows-x86_64, r-patched-linux-x86_64, r-release-linux-x86_64, r-release-macos-arm64, r-release-macos-x86_64, r-release-windows-x86_64, r-oldrel-macos-arm64, r-oldrel-macos-x86_64, r-oldrel-windows-x86_64
Version: 1.0.0
Check: Rd files
Result: NOTE
checkRd: (-1) amount.target.Rd:34: Lost braces
34 | code{numeric} vector.
| ^
checkRd: (-1) space.held.Rd:26: Lost braces
26 | code{matrix} object.
| ^
Flavors: r-devel-linux-x86_64-debian-clang, r-devel-linux-x86_64-debian-gcc
Version: 1.0.0
Check: Rd \usage sections
Result: NOTE
Objects in \usage without \alias in Rd file 'cache.Rd':
‘\S4method{cache}{RapData,character,ANY}’
‘\S4method{cache}{RapData,character,missing}’
‘\S4method{cache}{RapResults,character,ANY}’
‘\S4method{cache}{RapResults,character,missing}’
Objects in \usage without \alias in Rd file 'is.cached.Rd':
‘\S4method{is.cached}{RapData,character}’
‘\S4method{is.cached}{RapResults,character}’
Functions with \usage entries need to have the appropriate \alias
entries, and all their arguments documented.
The \usage entries must correspond to syntactically valid R code.
See chapter ‘Writing R documentation files’ in the ‘Writing R
Extensions’ manual.
Flavors: r-devel-linux-x86_64-debian-clang, r-devel-linux-x86_64-debian-gcc, r-devel-linux-x86_64-fedora-clang, r-devel-linux-x86_64-fedora-gcc, r-devel-windows-x86_64
Version: 1.0.0
Check: installed package size
Result: NOTE
installed size is 7.4Mb
sub-directories of 1Mb or more:
doc 1.7Mb
extdata 4.2Mb
Flavors: r-devel-linux-x86_64-fedora-clang, r-devel-windows-x86_64, r-release-macos-arm64, r-release-macos-x86_64, r-release-windows-x86_64, r-oldrel-macos-arm64, r-oldrel-macos-x86_64, r-oldrel-windows-x86_64