CRAN Package Check Results for Package rapidoc

Last updated on 2024-06-13 05:59:17 CEST.

Flavor Version Tinstall Tcheck Ttotal Status Flags
r-devel-linux-x86_64-debian-clang 9.3.4 1.92 24.92 26.84 OK
r-devel-linux-x86_64-debian-gcc 9.3.4 1.69 17.37 19.06 ERROR
r-devel-linux-x86_64-fedora-clang 9.3.4 32.43 OK
r-devel-linux-x86_64-fedora-gcc 9.3.4 30.80 OK
r-devel-windows-x86_64 9.3.4 5.00 41.00 46.00 OK
r-patched-linux-x86_64 9.3.4 2.05 23.30 25.35 OK
r-release-linux-x86_64 9.3.4 2.24 22.63 24.87 OK
r-release-macos-arm64 9.3.4 15.00 OK
r-release-macos-x86_64 9.3.4 20.00 OK
r-release-windows-x86_64 9.3.4 3.00 41.00 44.00 OK
r-oldrel-macos-arm64 9.3.4 25.00 OK
r-oldrel-macos-x86_64 9.3.4 41.00 OK
r-oldrel-windows-x86_64 9.3.4 4.00 42.00 46.00 OK

Check Details

Version: 9.3.4
Check: package dependencies
Result: NOTE Package suggested but not available for checking: ‘testthat’ Flavor: r-devel-linux-x86_64-debian-gcc

Version: 9.3.4
Check: tests
Result: ERROR Running ‘testthat.R’ [0s/1s] Running the tests in ‘tests/testthat.R’ failed. Complete output: > library(testthat) Error in library(testthat) : there is no package called 'testthat' Execution halted Flavor: r-devel-linux-x86_64-debian-gcc