CRAN Package Check Results for Package rapidoc

Last updated on 2023-10-02 05:58:07 CEST.

Flavor Version Tinstall Tcheck Ttotal Status Flags
r-devel-linux-x86_64-debian-clang 8.4.3 1.98 21.31 23.29 NOTE
r-devel-linux-x86_64-debian-gcc 8.4.3 1.75 16.72 18.47 NOTE
r-devel-linux-x86_64-fedora-clang 8.4.3 29.84 NOTE
r-devel-linux-x86_64-fedora-gcc 8.4.3 28.94 NOTE
r-devel-windows-x86_64 8.4.3 4.00 39.00 43.00 NOTE
r-patched-linux-x86_64 8.4.3 1.73 20.40 22.13 NOTE
r-release-linux-x86_64 8.4.3 1.87 20.98 22.85 NOTE
r-release-macos-arm64 8.4.3 15.00 NOTE
r-release-macos-x86_64 8.4.3 19.00 NOTE
r-release-windows-x86_64 8.4.3 5.00 38.00 43.00 NOTE
r-oldrel-macos-arm64 8.4.3 15.00 NOTE
r-oldrel-macos-x86_64 8.4.3 19.00 NOTE
r-oldrel-windows-x86_64 8.4.3 4.00 41.00 45.00 NOTE

Check Details

Version: 8.4.3
Check: LazyData
Result: NOTE
     'LazyData' is specified without a 'data' directory
Flavors: r-devel-linux-x86_64-debian-clang, r-devel-linux-x86_64-debian-gcc, r-devel-linux-x86_64-fedora-clang, r-devel-linux-x86_64-fedora-gcc, r-devel-windows-x86_64, r-patched-linux-x86_64, r-release-linux-x86_64, r-release-macos-arm64, r-release-macos-x86_64, r-release-windows-x86_64, r-oldrel-macos-arm64, r-oldrel-macos-x86_64, r-oldrel-windows-x86_64

Version: 8.4.3
Check: dependencies in R code
Result: NOTE
    Namespace in Imports field not imported from: ‘jsonlite’
     All declared Imports should be used.
Flavors: r-devel-linux-x86_64-fedora-clang, r-devel-linux-x86_64-fedora-gcc, r-oldrel-macos-x86_64