Last updated on 2023-12-09 04:51:03 CET.
Flavor | Version | Tinstall | Tcheck | Ttotal | Status | Flags |
---|---|---|---|---|---|---|
r-devel-linux-x86_64-debian-clang | 0.1.3 | 2.75 | 27.91 | 30.66 | NOTE | |
r-devel-linux-x86_64-debian-gcc | 0.1.3 | 2.16 | 21.91 | 24.07 | NOTE | |
r-devel-linux-x86_64-fedora-clang | 0.1.3 | 39.26 | NOTE | |||
r-devel-linux-x86_64-fedora-gcc | 0.1.3 | 36.74 | NOTE | |||
r-devel-windows-x86_64 | 0.1.3 | 3.00 | 51.00 | 54.00 | NOTE | |
r-patched-linux-x86_64 | 0.1.3 | 3.16 | 28.14 | 31.30 | NOTE | |
r-release-linux-x86_64 | 0.1.3 | 2.37 | 27.36 | 29.73 | NOTE | |
r-release-macos-arm64 | 0.1.3 | 20.00 | NOTE | |||
r-release-macos-x86_64 | 0.1.3 | 22.00 | NOTE | |||
r-release-windows-x86_64 | 0.1.3 | 4.00 | 54.00 | 58.00 | NOTE | |
r-oldrel-macos-arm64 | 0.1.3 | 19.00 | NOTE | |||
r-oldrel-macos-x86_64 | 0.1.3 | 23.00 | NOTE | |||
r-oldrel-windows-x86_64 | 0.1.3 | 4.00 | 45.00 | 49.00 | NOTE |
Version: 0.1.3
Check: Rd \usage sections
Result: NOTE
Documented arguments not in \usage in Rd file 'get_parameters.Rd':
‘parameters_def’
Documented arguments not in \usage in Rd file 'print.rapi_api.Rd':
‘...further’
Documented arguments not in \usage in Rd file 'print.rapi_operation.Rd':
‘...further’
Documented arguments not in \usage in Rd file 'print.rapi_schema_function.Rd':
‘...further’
Functions with \usage entries need to have the appropriate \alias
entries, and all their arguments documented.
The \usage entries must correspond to syntactically valid R code.
See chapter ‘Writing R documentation files’ in the ‘Writing R
Extensions’ manual.
Flavors: r-devel-linux-x86_64-debian-clang, r-devel-linux-x86_64-debian-gcc, r-devel-linux-x86_64-fedora-clang, r-devel-linux-x86_64-fedora-gcc, r-devel-windows-x86_64
Version: 0.1.3
Check: LazyData
Result: NOTE
'LazyData' is specified without a 'data' directory
Flavors: r-devel-linux-x86_64-debian-clang, r-devel-linux-x86_64-debian-gcc, r-devel-linux-x86_64-fedora-clang, r-devel-linux-x86_64-fedora-gcc, r-devel-windows-x86_64, r-patched-linux-x86_64, r-release-linux-x86_64, r-release-macos-arm64, r-release-macos-x86_64, r-release-windows-x86_64, r-oldrel-macos-arm64, r-oldrel-macos-x86_64, r-oldrel-windows-x86_64