CRAN Package Check Results for Package randgeo

Last updated on 2024-06-18 05:57:45 CEST.

Flavor Version Tinstall Tcheck Ttotal Status Flags
r-devel-linux-x86_64-debian-clang 0.3.0 1.96 30.45 32.41 NOTE
r-devel-linux-x86_64-debian-gcc 0.3.0 2.07 23.65 25.72 NOTE
r-devel-linux-x86_64-fedora-clang 0.3.0 43.21 NOTE
r-devel-linux-x86_64-fedora-gcc 0.3.0 52.61 NOTE
r-devel-windows-x86_64 0.3.0 3.00 47.00 50.00 NOTE
r-patched-linux-x86_64 0.3.0 2.49 30.06 32.55 NOTE
r-release-linux-x86_64 0.3.0 2.53 28.74 31.27 NOTE
r-release-macos-arm64 0.3.0 24.00 NOTE
r-release-macos-x86_64 0.3.0 33.00 NOTE
r-release-windows-x86_64 0.3.0 3.00 48.00 51.00 NOTE
r-oldrel-macos-arm64 0.3.0 23.00 NOTE
r-oldrel-macos-x86_64 0.3.0 33.00 NOTE
r-oldrel-windows-x86_64 0.3.0 3.00 51.00 54.00 NOTE

Check Details

Version: 0.3.0
Check: LazyData
Result: NOTE 'LazyData' is specified without a 'data' directory Flavors: r-devel-linux-x86_64-debian-clang, r-devel-linux-x86_64-debian-gcc, r-devel-linux-x86_64-fedora-clang, r-devel-linux-x86_64-fedora-gcc, r-devel-windows-x86_64, r-patched-linux-x86_64, r-release-linux-x86_64, r-release-macos-arm64, r-release-macos-x86_64, r-release-windows-x86_64, r-oldrel-macos-arm64, r-oldrel-macos-x86_64, r-oldrel-windows-x86_64