Last updated on 2023-12-02 04:52:25 CET.
Flavor | Version | Tinstall | Tcheck | Ttotal | Status | Flags |
---|---|---|---|---|---|---|
r-devel-linux-x86_64-debian-clang | 0.1.5 | 2.27 | 25.14 | 27.41 | NOTE | |
r-devel-linux-x86_64-debian-gcc | 0.1.5 | 2.21 | 19.49 | 21.70 | NOTE | |
r-devel-linux-x86_64-fedora-clang | 0.1.5 | 35.42 | NOTE | |||
r-devel-linux-x86_64-fedora-gcc | 0.1.5 | 33.09 | NOTE | |||
r-devel-windows-x86_64 | 0.1.5 | 4.00 | 44.00 | 48.00 | NOTE | |
r-patched-linux-x86_64 | 0.1.5 | 2.96 | 24.30 | 27.26 | NOTE | |
r-release-linux-x86_64 | 0.1.5 | 2.58 | 24.81 | 27.39 | NOTE | |
r-release-macos-arm64 | 0.1.5 | 17.00 | NOTE | |||
r-release-macos-x86_64 | 0.1.5 | 21.00 | NOTE | |||
r-release-windows-x86_64 | 0.1.5 | 6.00 | 44.00 | 50.00 | NOTE | |
r-oldrel-macos-arm64 | 0.1.5 | 17.00 | NOTE | |||
r-oldrel-macos-x86_64 | 0.1.5 | 27.00 | NOTE | |||
r-oldrel-windows-x86_64 | 0.1.5 | 5.00 | 45.00 | 50.00 | NOTE |
Version: 0.1.5
Check: LazyData
Result: NOTE
'LazyData' is specified without a 'data' directory
Flavors: r-devel-linux-x86_64-debian-clang, r-devel-linux-x86_64-debian-gcc, r-devel-linux-x86_64-fedora-clang, r-devel-linux-x86_64-fedora-gcc, r-devel-windows-x86_64, r-patched-linux-x86_64, r-release-linux-x86_64, r-release-macos-arm64, r-release-macos-x86_64, r-release-windows-x86_64, r-oldrel-macos-arm64, r-oldrel-macos-x86_64, r-oldrel-windows-x86_64