CRAN Package Check Results for Package rainfarmr

Last updated on 2024-07-19 05:57:42 CEST.

Flavor Version Tinstall Tcheck Ttotal Status Flags
r-devel-linux-x86_64-debian-clang 0.1 2.53 25.99 28.52 NOTE
r-devel-linux-x86_64-debian-gcc 0.1 2.07 19.65 21.72 NOTE
r-devel-linux-x86_64-fedora-clang 0.1 35.93 NOTE
r-devel-linux-x86_64-fedora-gcc 0.1 33.47 NOTE
r-devel-windows-x86_64 0.1 3.00 41.00 44.00 NOTE
r-patched-linux-x86_64 0.1 2.89 24.45 27.34 NOTE
r-release-linux-x86_64 0.1 2.31 24.54 26.85 NOTE
r-release-macos-arm64 0.1 15.00 NOTE
r-release-macos-x86_64 0.1 30.00 NOTE
r-release-windows-x86_64 0.1 3.00 39.00 42.00 NOTE
r-oldrel-macos-arm64 0.1 15.00 NOTE
r-oldrel-macos-x86_64 0.1 22.00 NOTE
r-oldrel-windows-x86_64 0.1 7.00 41.00 48.00 NOTE

Check Details

Version: 0.1
Check: LazyData
Result: NOTE 'LazyData' is specified without a 'data' directory Flavors: r-devel-linux-x86_64-debian-clang, r-devel-linux-x86_64-debian-gcc, r-devel-linux-x86_64-fedora-clang, r-devel-linux-x86_64-fedora-gcc, r-devel-windows-x86_64, r-patched-linux-x86_64, r-release-linux-x86_64, r-release-macos-arm64, r-release-macos-x86_64, r-release-windows-x86_64, r-oldrel-macos-arm64, r-oldrel-macos-x86_64, r-oldrel-windows-x86_64