CRAN Package Check Results for Package rainfarmr

Last updated on 2024-02-26 04:49:36 CET.

Flavor Version Tinstall Tcheck Ttotal Status Flags
r-devel-linux-x86_64-debian-clang 0.1 2.35 24.97 27.32 NOTE
r-devel-linux-x86_64-debian-gcc 0.1 1.81 19.43 21.24 NOTE
r-devel-linux-x86_64-fedora-clang 0.1 34.65 NOTE
r-devel-linux-x86_64-fedora-gcc 0.1 33.25 NOTE
r-devel-windows-x86_64 0.1 4.00 40.00 44.00 NOTE
r-patched-linux-x86_64 0.1 3.01 24.69 27.70 NOTE
r-release-linux-x86_64 0.1 2.85 24.73 27.58 NOTE
r-release-macos-arm64 0.1 15.00 NOTE
r-release-macos-x86_64 0.1 22.00 NOTE
r-release-windows-x86_64 0.1 7.00 41.00 48.00 NOTE
r-oldrel-macos-arm64 0.1 15.00 NOTE
r-oldrel-windows-x86_64 0.1 7.00 45.00 52.00 NOTE

Check Details

Version: 0.1
Check: LazyData
Result: NOTE 'LazyData' is specified without a 'data' directory Flavors: r-devel-linux-x86_64-debian-clang, r-devel-linux-x86_64-debian-gcc, r-devel-linux-x86_64-fedora-clang, r-devel-linux-x86_64-fedora-gcc, r-devel-windows-x86_64, r-patched-linux-x86_64, r-release-linux-x86_64, r-release-macos-arm64, r-release-macos-x86_64, r-release-windows-x86_64, r-oldrel-macos-arm64, r-oldrel-windows-x86_64