Last updated on 2023-12-10 04:56:08 CET.
Flavor | Version | Tinstall | Tcheck | Ttotal | Status | Flags |
---|---|---|---|---|---|---|
r-devel-linux-x86_64-debian-clang | 0.2.0 | 4.31 | 46.26 | 50.57 | OK | |
r-devel-linux-x86_64-debian-gcc | 0.2.0 | 2.82 | 32.23 | 35.05 | OK | |
r-devel-linux-x86_64-fedora-clang | 0.2.0 | 59.86 | NOTE | |||
r-devel-linux-x86_64-fedora-gcc | 0.2.0 | 52.37 | NOTE | |||
r-devel-windows-x86_64 | 0.2.0 | 5.00 | 58.00 | 63.00 | OK | |
r-patched-linux-x86_64 | 0.2.0 | 3.81 | 40.93 | 44.74 | OK | |
r-release-linux-x86_64 | 0.2.0 | 2.63 | 39.34 | 41.97 | OK | |
r-release-macos-arm64 | 0.2.0 | 23.00 | OK | |||
r-release-macos-x86_64 | 0.2.0 | 34.00 | OK | |||
r-release-windows-x86_64 | 0.2.0 | 6.00 | 62.00 | 68.00 | OK | |
r-oldrel-macos-arm64 | 0.2.0 | 20.00 | NOTE | |||
r-oldrel-macos-x86_64 | 0.2.0 | 35.00 | NOTE | |||
r-oldrel-windows-x86_64 | 0.2.0 | 5.00 | 62.00 | 67.00 | OK |
Version: 0.2.0
Check: data for non-ASCII characters
Result: NOTE
Note: found 3 marked UTF-8 strings
Flavors: r-devel-linux-x86_64-fedora-clang, r-devel-linux-x86_64-fedora-gcc, r-oldrel-macos-arm64, r-oldrel-macos-x86_64