Last updated on 2023-12-01 04:54:06 CET.
Flavor | Version | Tinstall | Tcheck | Ttotal | Status | Flags |
---|---|---|---|---|---|---|
r-devel-linux-x86_64-debian-clang | 1.6.3 | 29.57 | 239.09 | 268.66 | OK | |
r-devel-linux-x86_64-debian-gcc | 1.6.3 | 24.23 | 178.06 | 202.29 | OK | |
r-devel-linux-x86_64-fedora-clang | 1.6.3 | 332.39 | NOTE | |||
r-devel-linux-x86_64-fedora-gcc | 1.6.3 | 310.56 | OK | |||
r-devel-windows-x86_64 | 1.6.3 | 28.00 | 203.00 | 231.00 | OK | |
r-patched-linux-x86_64 | 1.6.3 | 38.58 | 223.96 | 262.54 | OK | |
r-release-linux-x86_64 | 1.6.3 | 25.46 | 228.87 | 254.33 | OK | |
r-release-macos-arm64 | 1.6.3 | 56.00 | OK | |||
r-release-macos-x86_64 | 1.6.3 | 90.00 | OK | |||
r-release-windows-x86_64 | 1.6.3 | 38.00 | 265.00 | 303.00 | OK | |
r-oldrel-macos-arm64 | 1.6.3 | 82.00 | OK | |||
r-oldrel-macos-x86_64 | 1.6.3 | 130.00 | OK | |||
r-oldrel-windows-x86_64 | 1.6.3 | 39.00 | 245.00 | 284.00 | OK |
Version: 1.6.3
Check: package dependencies
Result: NOTE
Imports includes 30 non-default packages.
Importing from so many packages makes the package vulnerable to any of
them becoming unavailable. Move as many as possible to Suggests and
use conditionally.
Flavor: r-devel-linux-x86_64-fedora-clang