CRAN Package Check Results for Package radiant.model

Last updated on 2024-06-13 05:59:16 CEST.

Flavor Version Tinstall Tcheck Ttotal Status Flags
r-devel-linux-x86_64-debian-clang 1.6.6 31.32 240.06 271.38 OK
r-devel-linux-x86_64-debian-gcc 1.6.6 0.65 1.66 2.31 ERROR
r-devel-linux-x86_64-fedora-clang 1.6.6 331.56 NOTE
r-devel-linux-x86_64-fedora-gcc 1.6.6 306.44 OK
r-devel-windows-x86_64 1.6.6 28.00 200.00 228.00 OK
r-patched-linux-x86_64 1.6.6 40.32 227.04 267.36 OK
r-release-linux-x86_64 1.6.6 27.39 225.11 252.50 OK
r-release-macos-arm64 1.6.6 56.00 OK
r-release-macos-x86_64 1.6.6 136.00 OK
r-release-windows-x86_64 1.6.6 26.00 214.00 240.00 OK
r-oldrel-macos-arm64 1.6.6 75.00 OK
r-oldrel-macos-x86_64 1.6.6 124.00 OK
r-oldrel-windows-x86_64 1.6.6 35.00 252.00 287.00 OK

Check Details

Version: 1.6.6
Check: package dependencies
Result: ERROR Packages required but not available: 'radiant.data', 'radiant.basics', 'NeuralNetTools', 'car', 'ggplot2', 'stringr', 'lubridate', 'tidyr', 'dplyr', 'tidyselect', 'DiagrammeR', 'ggrepel', 'broom', 'patchwork', 'pdp', 'vip' Packages suggested but not available for checking: 'testthat', 'pkgdown' See section ‘The DESCRIPTION file’ in the ‘Writing R Extensions’ manual. Flavor: r-devel-linux-x86_64-debian-gcc

Version: 1.6.6
Check: package dependencies
Result: NOTE Imports includes 30 non-default packages. Importing from so many packages makes the package vulnerable to any of them becoming unavailable. Move as many as possible to Suggests and use conditionally. Flavor: r-devel-linux-x86_64-fedora-clang