CRAN Package Check Results for Package rabi

Last updated on 2023-12-02 04:52:25 CET.

Flavor Version Tinstall Tcheck Ttotal Status Flags
r-devel-linux-x86_64-debian-clang 1.0.2 3.68 52.99 56.67 NOTE
r-devel-linux-x86_64-debian-gcc 1.0.2 3.43 54.67 58.10 NOTE
r-devel-linux-x86_64-fedora-clang 1.0.2 73.32 NOTE
r-devel-linux-x86_64-fedora-gcc 1.0.2 85.67 NOTE
r-devel-windows-x86_64 1.0.2 5.00 57.00 62.00 NOTE
r-patched-linux-x86_64 1.0.2 5.27 56.57 61.84 NOTE
r-release-linux-x86_64 1.0.2 4.48 56.11 60.59 NOTE
r-release-macos-arm64 1.0.2 30.00 NOTE
r-release-macos-x86_64 1.0.2 46.00 NOTE
r-release-windows-x86_64 1.0.2 7.00 62.00 69.00 NOTE
r-oldrel-macos-arm64 1.0.2 24.00 NOTE
r-oldrel-macos-x86_64 1.0.2 41.00 NOTE
r-oldrel-windows-x86_64 1.0.2 6.00 69.00 75.00 NOTE

Check Details

Version: 1.0.2
Check: LazyData
Result: NOTE 'LazyData' is specified without a 'data' directory Flavors: r-devel-linux-x86_64-debian-clang, r-devel-linux-x86_64-debian-gcc, r-devel-linux-x86_64-fedora-clang, r-devel-linux-x86_64-fedora-gcc, r-devel-windows-x86_64, r-patched-linux-x86_64, r-release-linux-x86_64, r-release-macos-arm64, r-release-macos-x86_64, r-release-windows-x86_64, r-oldrel-macos-arm64, r-oldrel-macos-x86_64, r-oldrel-windows-x86_64