CRAN Package Check Results for Package rWishart

Last updated on 2024-07-19 05:57:44 CEST.

Flavor Version Tinstall Tcheck Ttotal Status Flags
r-devel-linux-x86_64-debian-clang 0.1.2 8.21 65.99 74.20 NOTE
r-devel-linux-x86_64-debian-gcc 0.1.2 5.18 49.26 54.44 NOTE
r-devel-linux-x86_64-fedora-clang 0.1.2 92.65 NOTE
r-devel-linux-x86_64-fedora-gcc 0.1.2 84.08 NOTE
r-devel-windows-x86_64 0.1.2 8.00 71.00 79.00 NOTE
r-patched-linux-x86_64 0.1.2 7.52 60.87 68.39 NOTE
r-release-linux-x86_64 0.1.2 7.80 61.87 69.67 NOTE
r-release-macos-arm64 0.1.2 29.00 NOTE
r-release-macos-x86_64 0.1.2 45.00 NOTE
r-release-windows-x86_64 0.1.2 7.00 71.00 78.00 NOTE
r-oldrel-macos-arm64 0.1.2 32.00 NOTE
r-oldrel-macos-x86_64 0.1.2 50.00 NOTE
r-oldrel-windows-x86_64 0.1.2 7.00 80.00 87.00 NOTE

Check Details

Version: 0.1.2
Check: LazyData
Result: NOTE 'LazyData' is specified without a 'data' directory Flavors: r-devel-linux-x86_64-debian-clang, r-devel-linux-x86_64-debian-gcc, r-devel-linux-x86_64-fedora-clang, r-devel-linux-x86_64-fedora-gcc, r-devel-windows-x86_64, r-patched-linux-x86_64, r-release-linux-x86_64, r-release-macos-arm64, r-release-macos-x86_64, r-release-windows-x86_64, r-oldrel-macos-arm64, r-oldrel-macos-x86_64, r-oldrel-windows-x86_64