CRAN Package Check Results for Package rWishart

Last updated on 2023-12-03 04:56:20 CET.

Flavor Version Tinstall Tcheck Ttotal Status Flags
r-devel-linux-x86_64-debian-clang 0.1.2 8.03 64.44 72.47 NOTE
r-devel-linux-x86_64-debian-gcc 0.1.2 5.12 49.72 54.84 NOTE
r-devel-linux-x86_64-fedora-clang 0.1.2 89.43 NOTE
r-devel-linux-x86_64-fedora-gcc 0.1.2 84.83 NOTE
r-devel-windows-x86_64 0.1.2 8.00 74.00 82.00 NOTE
r-patched-linux-x86_64 0.1.2 8.54 62.04 70.58 NOTE
r-release-linux-x86_64 0.1.2 7.67 63.59 71.26 NOTE
r-release-macos-arm64 0.1.2 32.00 NOTE
r-release-macos-x86_64 0.1.2 50.00 NOTE
r-release-windows-x86_64 0.1.2 8.00 80.00 88.00 NOTE
r-oldrel-macos-arm64 0.1.2 29.00 NOTE
r-oldrel-macos-x86_64 0.1.2 41.00 NOTE
r-oldrel-windows-x86_64 0.1.2 11.00 79.00 90.00 NOTE

Check Details

Version: 0.1.2
Check: LazyData
Result: NOTE 'LazyData' is specified without a 'data' directory Flavors: r-devel-linux-x86_64-debian-clang, r-devel-linux-x86_64-debian-gcc, r-devel-linux-x86_64-fedora-clang, r-devel-linux-x86_64-fedora-gcc, r-devel-windows-x86_64, r-patched-linux-x86_64, r-release-linux-x86_64, r-release-macos-arm64, r-release-macos-x86_64, r-release-windows-x86_64, r-oldrel-macos-arm64, r-oldrel-macos-x86_64, r-oldrel-windows-x86_64