Last updated on 2023-12-07 04:56:36 CET.
Flavor | Version | Tinstall | Tcheck | Ttotal | Status | Flags |
---|---|---|---|---|---|---|
r-devel-linux-x86_64-debian-clang | 2.3.3 | 25.20 | 190.72 | 215.92 | NOTE | |
r-devel-linux-x86_64-debian-gcc | 2.3.3 | 22.64 | 137.26 | 159.90 | NOTE | |
r-devel-linux-x86_64-fedora-clang | 2.3.3 | 269.79 | OK | |||
r-devel-linux-x86_64-fedora-gcc | 2.3.3 | 264.21 | OK | |||
r-devel-windows-x86_64 | 2.3.3 | 22.00 | 154.00 | 176.00 | NOTE | |
r-patched-linux-x86_64 | 2.3.3 | 17.01 | 179.88 | 196.89 | NOTE | |
r-release-linux-x86_64 | 2.3.3 | 17.79 | 179.24 | 197.03 | NOTE | |
r-release-macos-arm64 | 2.3.3 | 72.00 | NOTE | |||
r-release-macos-x86_64 | 2.3.3 | 149.00 | NOTE | |||
r-release-windows-x86_64 | 2.3.3 | 29.00 | 189.00 | 218.00 | NOTE | |
r-oldrel-macos-arm64 | 2.3.3 | 72.00 | NOTE | |||
r-oldrel-macos-x86_64 | 2.3.2 | 77.00 | NOTE | |||
r-oldrel-windows-x86_64 | 2.3.3 | 30.00 | 181.00 | 211.00 | NOTE |
Version: 2.3.3
Check: package dependencies
Result: NOTE
Package suggested but not available for checking: ‘INLA’
Flavors: r-devel-linux-x86_64-debian-clang, r-devel-linux-x86_64-debian-gcc, r-devel-windows-x86_64, r-patched-linux-x86_64, r-release-linux-x86_64, r-release-macos-arm64, r-release-macos-x86_64, r-release-windows-x86_64, r-oldrel-macos-arm64, r-oldrel-windows-x86_64
Version: 2.3.2
Check: package dependencies
Result: NOTE
Package suggested but not available for checking: ‘INLA’
Flavor: r-oldrel-macos-x86_64
Version: 2.3.2
Check: installed package size
Result: NOTE
installed size is 5.8Mb
sub-directories of 1Mb or more:
R 1.8Mb
doc 2.4Mb
help 1.4Mb
Flavor: r-oldrel-macos-x86_64