CRAN Package Check Results for Package rPackedBar

Last updated on 2024-02-26 04:49:38 CET.

Flavor Version Tinstall Tcheck Ttotal Status Flags
r-devel-linux-x86_64-debian-clang 0.2.2 6.37 58.97 65.34 NOTE
r-devel-linux-x86_64-debian-gcc 0.2.2 6.07 44.80 50.87 NOTE
r-devel-linux-x86_64-fedora-clang 0.2.2 80.93 NOTE
r-devel-linux-x86_64-fedora-gcc 0.2.2 88.88 NOTE
r-devel-windows-x86_64 0.2.2 7.00 63.00 70.00 NOTE
r-patched-linux-x86_64 0.2.2 4.63 57.46 62.09 NOTE
r-release-linux-x86_64 0.2.2 4.71 56.70 61.41 NOTE
r-release-macos-arm64 0.2.2 33.00 NOTE
r-release-macos-x86_64 0.2.2 52.00 NOTE
r-release-windows-x86_64 0.2.2 10.00 71.00 81.00 NOTE
r-oldrel-macos-arm64 0.2.2 31.00 NOTE
r-oldrel-windows-x86_64 0.2.2 10.00 78.00 88.00 NOTE

Check Details

Version: 0.2.2
Check: LazyData
Result: NOTE 'LazyData' is specified without a 'data' directory Flavors: r-devel-linux-x86_64-debian-clang, r-devel-linux-x86_64-debian-gcc, r-devel-linux-x86_64-fedora-clang, r-devel-linux-x86_64-fedora-gcc, r-devel-windows-x86_64, r-patched-linux-x86_64, r-release-linux-x86_64, r-release-macos-arm64, r-release-macos-x86_64, r-release-windows-x86_64, r-oldrel-macos-arm64, r-oldrel-windows-x86_64