CRAN Package Check Results for Package rPackedBar

Last updated on 2024-07-22 05:50:02 CEST.

Flavor Version Tinstall Tcheck Ttotal Status Flags
r-devel-linux-x86_64-debian-clang 0.2.2 7.28 61.91 69.19 NOTE
r-devel-linux-x86_64-debian-gcc 0.2.2 5.14 46.57 51.71 NOTE
r-devel-linux-x86_64-fedora-clang 0.2.2 89.00 NOTE
r-devel-linux-x86_64-fedora-gcc 0.2.2 92.93 NOTE
r-devel-windows-x86_64 0.2.2 10.00 65.00 75.00 NOTE
r-patched-linux-x86_64 0.2.2 6.92 58.29 65.21 NOTE
r-release-linux-x86_64 0.2.2 4.31 57.16 61.47 NOTE
r-release-macos-arm64 0.2.2 35.00 NOTE
r-release-macos-x86_64 0.2.2 85.00 NOTE
r-release-windows-x86_64 0.2.2 7.00 65.00 72.00 NOTE
r-oldrel-macos-arm64 0.2.2 33.00 NOTE
r-oldrel-macos-x86_64 0.2.2 52.00 NOTE
r-oldrel-windows-x86_64 0.2.2 9.00 72.00 81.00 NOTE

Check Details

Version: 0.2.2
Check: LazyData
Result: NOTE 'LazyData' is specified without a 'data' directory Flavors: r-devel-linux-x86_64-debian-clang, r-devel-linux-x86_64-debian-gcc, r-devel-linux-x86_64-fedora-clang, r-devel-linux-x86_64-fedora-gcc, r-devel-windows-x86_64, r-patched-linux-x86_64, r-release-linux-x86_64, r-release-macos-arm64, r-release-macos-x86_64, r-release-windows-x86_64, r-oldrel-macos-arm64, r-oldrel-macos-x86_64, r-oldrel-windows-x86_64