CRAN Package Check Results for Package rLTP

Last updated on 2024-02-21 04:55:50 CET.

Flavor Version Tinstall Tcheck Ttotal Status Flags
r-devel-linux-x86_64-debian-clang 0.1.4 NOTE
r-devel-linux-x86_64-debian-gcc 0.1.4 3.43 22.55 25.98 NOTE
r-devel-linux-x86_64-fedora-clang 0.1.4 40.85 NOTE
r-devel-linux-x86_64-fedora-gcc 0.1.4 39.77 NOTE
r-devel-windows-x86_64 0.1.4 7.00 46.00 53.00 NOTE
r-patched-linux-x86_64 0.1.4 4.43 28.32 32.75 NOTE
r-release-linux-x86_64 0.1.4 4.50 28.99 33.49 NOTE
r-release-macos-arm64 0.1.4 18.00 NOTE
r-release-macos-x86_64 0.1.4 24.00 NOTE
r-release-windows-x86_64 0.1.4 9.00 48.00 57.00 NOTE
r-oldrel-macos-arm64 0.1.4 18.00 NOTE
r-oldrel-windows-x86_64 0.1.4 8.00 53.00 61.00 NOTE

Check Details

Version: 0.1.4
Check: LazyData
Result: NOTE 'LazyData' is specified without a 'data' directory Flavors: r-devel-linux-x86_64-debian-clang, r-devel-linux-x86_64-debian-gcc, r-devel-linux-x86_64-fedora-clang, r-devel-linux-x86_64-fedora-gcc, r-devel-windows-x86_64, r-patched-linux-x86_64, r-release-linux-x86_64, r-release-macos-arm64, r-release-macos-x86_64, r-release-windows-x86_64, r-oldrel-macos-arm64, r-oldrel-windows-x86_64