CRAN Package Check Results for Package rEDM

Last updated on 2024-02-23 05:07:29 CET.

Flavor Version Tinstall Tcheck Ttotal Status Flags
r-devel-linux-x86_64-debian-clang 1.15.3 OK
r-devel-linux-x86_64-debian-gcc 1.15.3 178.78 63.42 242.20 OK
r-devel-linux-x86_64-fedora-clang 1.15.3 445.57 OK
r-devel-linux-x86_64-fedora-gcc 1.15.3 487.42 OK
r-devel-windows-x86_64 1.15.3 149.00 190.00 339.00 OK
r-patched-linux-x86_64 1.15.3 225.82 78.28 304.10 OK
r-release-linux-x86_64 1.15.3 222.13 78.79 300.92 OK
r-release-macos-arm64 1.15.3 99.00 NOTE
r-release-macos-x86_64 1.15.3 138.00 NOTE
r-release-windows-x86_64 1.15.3 144.00 213.00 357.00 OK
r-oldrel-macos-arm64 1.15.3 103.00 NOTE
r-oldrel-windows-x86_64 1.15.3 181.00 202.00 383.00 OK

Check Details

Version: 1.15.3
Check: installed package size
Result: NOTE installed size is 11.9Mb sub-directories of 1Mb or more: libs 11.1Mb Flavors: r-release-macos-arm64, r-release-macos-x86_64, r-oldrel-macos-arm64