Last updated on 2023-12-04 05:09:17 CET.
Flavor | Version | Tinstall | Tcheck | Ttotal | Status | Flags |
---|---|---|---|---|---|---|
r-devel-linux-x86_64-debian-clang | 0.1.6 | 38.92 | 32.84 | 71.76 | OK | |
r-devel-linux-x86_64-debian-gcc | 0.1.6 | 40.68 | 24.79 | 65.47 | OK | |
r-devel-linux-x86_64-fedora-clang | 0.1.6 | 94.63 | NOTE | |||
r-devel-linux-x86_64-fedora-gcc | 0.1.6 | 123.43 | OK | |||
r-devel-windows-x86_64 | 0.1.6 | 28.00 | 56.00 | 84.00 | OK | |
r-patched-linux-x86_64 | 0.1.6 | 47.29 | 32.50 | 79.79 | OK | |
r-release-linux-x86_64 | 0.1.6 | 43.31 | 32.39 | 75.70 | OK | |
r-release-macos-arm64 | 0.1.6 | 44.00 | OK | |||
r-release-macos-x86_64 | 0.1.6 | 122.00 | OK | |||
r-release-windows-x86_64 | 0.1.6 | 28.00 | 60.00 | 88.00 | OK | |
r-oldrel-macos-arm64 | 0.1.6 | 48.00 | OK | |||
r-oldrel-macos-x86_64 | 0.1.6 | 48.00 | OK | |||
r-oldrel-windows-x86_64 | 0.1.6 | 32.00 | 55.00 | 87.00 | OK |
Version: 0.1.6
Check: installed package size
Result: NOTE
installed size is 5.2Mb
sub-directories of 1Mb or more:
libs 4.5Mb
Flavor: r-devel-linux-x86_64-fedora-clang