CRAN Package Check Results for Package r2pmml

Last updated on 2024-03-03 04:48:45 CET.

Flavor Version Tinstall Tcheck Ttotal Status Flags
r-devel-linux-x86_64-debian-clang 0.27.1 2.66 27.57 30.23 OK
r-devel-linux-x86_64-debian-gcc 0.27.1 2.35 21.38 23.73 OK
r-devel-linux-x86_64-fedora-clang 0.27.1 38.63 NOTE
r-devel-linux-x86_64-fedora-gcc 0.27.1 35.52 OK
r-devel-windows-x86_64 0.27.1 3.00 45.00 48.00 NOTE
r-patched-linux-x86_64 0.27.1 2.90 27.24 30.14 OK
r-release-linux-x86_64 0.27.1 2.83 26.97 29.80 OK
r-release-macos-arm64 0.27.1 17.00 NOTE
r-release-macos-x86_64 0.27.1 24.00 NOTE
r-release-windows-x86_64 0.27.1 4.00 46.00 50.00 NOTE
r-oldrel-macos-arm64 0.27.1 16.00 NOTE
r-oldrel-windows-x86_64 0.27.1 5.00 50.00 55.00 NOTE

Check Details

Version: 0.27.1
Check: installed package size
Result: NOTE installed size is 5.1Mb sub-directories of 1Mb or more: java 5.0Mb Flavors: r-devel-linux-x86_64-fedora-clang, r-devel-windows-x86_64, r-release-macos-arm64, r-release-macos-x86_64, r-release-windows-x86_64, r-oldrel-macos-arm64, r-oldrel-windows-x86_64

Version: 0.27.1
Check: package dependencies
Result: NOTE Packages suggested but not available for checking: 'caret', 'xgboost' Flavor: r-release-macos-x86_64