Last updated on 2023-12-02 04:52:25 CET.
Flavor | Version | Tinstall | Tcheck | Ttotal | Status | Flags |
---|---|---|---|---|---|---|
r-devel-linux-x86_64-debian-clang | 0.2 | 3.67 | 38.92 | 42.59 | OK | |
r-devel-linux-x86_64-debian-gcc | 0.2 | 3.06 | 32.34 | 35.40 | OK | |
r-devel-linux-x86_64-fedora-clang | 0.2 | 53.88 | NOTE | |||
r-devel-linux-x86_64-fedora-gcc | 0.2 | 63.60 | NOTE | |||
r-devel-windows-x86_64 | 0.2 | 5.00 | 55.00 | 60.00 | OK | |
r-patched-linux-x86_64 | 0.2 | 3.55 | 38.91 | 42.46 | OK | |
r-release-linux-x86_64 | 0.2 | 3.69 | 39.35 | 43.04 | OK | |
r-release-macos-arm64 | 0.2 | 33.00 | OK | |||
r-release-macos-x86_64 | 0.2 | 53.00 | OK | |||
r-release-windows-x86_64 | 0.2 | 6.00 | 54.00 | 60.00 | OK | |
r-oldrel-macos-arm64 | 0.2 | 26.00 | OK | |||
r-oldrel-macos-x86_64 | 0.2 | 38.00 | OK | |||
r-oldrel-windows-x86_64 | 0.2 | 5.00 | 62.00 | 67.00 | OK |
Version: 0.2
Check: dependencies in R code
Result: NOTE
Namespace in Imports field not imported from: ‘utils’
All declared Imports should be used.
Flavors: r-devel-linux-x86_64-fedora-clang, r-devel-linux-x86_64-fedora-gcc