Last updated on 2023-11-30 04:53:03 CET.
Flavor | Version | Tinstall | Tcheck | Ttotal | Status | Flags |
---|---|---|---|---|---|---|
r-devel-linux-x86_64-debian-clang | 0.6.0 | 45.88 | 209.30 | 255.18 | OK | |
r-devel-linux-x86_64-debian-gcc | 0.6.0 | 28.92 | 154.45 | 183.37 | OK | |
r-devel-linux-x86_64-fedora-clang | 0.6.0 | 322.43 | NOTE | |||
r-devel-linux-x86_64-fedora-gcc | 0.6.0 | 316.95 | OK | |||
r-devel-windows-x86_64 | 0.6.0 | 37.00 | 199.00 | 236.00 | OK | |
r-patched-linux-x86_64 | 0.6.0 | 37.48 | 198.75 | 236.23 | OK | |
r-release-linux-x86_64 | 0.6.0 | 33.28 | 198.49 | 231.77 | OK | |
r-release-macos-arm64 | 0.6.0 | 89.00 | OK | |||
r-release-macos-x86_64 | 0.6.0 | 238.00 | OK | |||
r-release-windows-x86_64 | 0.6.0 | 46.00 | 251.00 | 297.00 | OK | |
r-oldrel-macos-arm64 | 0.6.0 | 96.00 | OK | |||
r-oldrel-macos-x86_64 | 0.5.2 | 113.00 | OK | |||
r-oldrel-windows-x86_64 | 0.6.0 | 44.00 | 242.00 | 286.00 | OK |
Version: 0.6.0
Check: Rd cross-references
Result: NOTE
Undeclared packages ‘Hmisc’, ‘htmlTable’ in Rd xrefs
Flavor: r-devel-linux-x86_64-fedora-clang