Last updated on 2023-12-07 04:56:33 CET.
Flavor | Version | Tinstall | Tcheck | Ttotal | Status | Flags |
---|---|---|---|---|---|---|
r-devel-linux-x86_64-debian-clang | 0.7.8 | 10.63 | 88.65 | 99.28 | OK | |
r-devel-linux-x86_64-debian-gcc | 0.7.8 | 7.68 | 66.70 | 74.38 | OK | |
r-devel-linux-x86_64-fedora-clang | 0.7.8 | 124.87 | NOTE | |||
r-devel-linux-x86_64-fedora-gcc | 0.7.8 | 128.27 | NOTE | |||
r-devel-windows-x86_64 | 0.7.8 | 10.00 | 96.00 | 106.00 | OK | |
r-patched-linux-x86_64 | 0.7.8 | 7.10 | 83.40 | 90.50 | OK | |
r-release-linux-x86_64 | 0.7.8 | 6.30 | 83.59 | 89.89 | OK | |
r-release-macos-arm64 | 0.7.8 | 50.00 | OK | |||
r-release-macos-x86_64 | 0.7.8 | 67.00 | NOTE | |||
r-release-windows-x86_64 | 0.7.8 | 13.00 | 114.00 | 127.00 | OK | |
r-oldrel-macos-arm64 | 0.7.8 | 39.00 | OK | |||
r-oldrel-macos-x86_64 | 0.7.8 | 57.00 | OK | |||
r-oldrel-windows-x86_64 | 0.7.8 | 13.00 | 114.00 | 127.00 | OK |
Version: 0.7.8
Check: data for non-ASCII characters
Result: NOTE
Note: found 8504 marked UTF-8 strings
Flavors: r-devel-linux-x86_64-fedora-clang, r-devel-linux-x86_64-fedora-gcc
Version: 0.7.8
Check: package dependencies
Result: NOTE
Package suggested but not available for checking: ‘survey’
Flavor: r-release-macos-x86_64
Version: 0.7.8
Check: Rd cross-references
Result: NOTE
Package unavailable to check Rd xrefs: ‘survey’
Flavor: r-release-macos-x86_64