CRAN Package Check Results for Package queryup

Last updated on 2024-06-14 05:58:35 CEST.

Flavor Version Tinstall Tcheck Ttotal Status Flags
r-devel-linux-x86_64-debian-clang 1.0.5 2.71 36.85 39.56 OK
r-devel-linux-x86_64-debian-gcc 1.0.5 2.02 26.11 28.13 ERROR
r-devel-linux-x86_64-fedora-clang 1.0.5 50.41 OK
r-devel-linux-x86_64-fedora-gcc 1.0.5 60.61 OK
r-devel-windows-x86_64 1.0.5 3.00 171.00 174.00 OK
r-patched-linux-x86_64 1.0.5 2.57 35.71 38.28 OK
r-release-linux-x86_64 1.0.5 2.31 35.69 38.00 OK
r-release-macos-arm64 1.0.5 149.00 OK
r-release-macos-x86_64 1.0.5 170.00 OK
r-release-windows-x86_64 1.0.5 3.00 172.00 175.00 OK
r-oldrel-macos-arm64 1.0.5 81.00 OK
r-oldrel-macos-x86_64 1.0.5 101.00 OK
r-oldrel-windows-x86_64 1.0.5 4.00 212.00 216.00 OK

Check Details

Version: 1.0.5
Check: package dependencies
Result: NOTE Package suggested but not available for checking: ‘testthat’ Flavor: r-devel-linux-x86_64-debian-gcc

Version: 1.0.5
Check: tests
Result: ERROR Running ‘testthat.R’ [0s/1s] Running the tests in ‘tests/testthat.R’ failed. Complete output: > library(testthat) Error in library(testthat) : there is no package called 'testthat' Execution halted Flavor: r-devel-linux-x86_64-debian-gcc