Last updated on 2023-12-07 04:56:33 CET.
Flavor | Version | Tinstall | Tcheck | Ttotal | Status | Flags |
---|---|---|---|---|---|---|
r-devel-linux-x86_64-debian-clang | 0.4.4 | 32.98 | 42.73 | 75.71 | NOTE | |
r-devel-linux-x86_64-debian-gcc | 0.4.4 | 21.63 | 33.49 | 55.12 | NOTE | |
r-devel-linux-x86_64-fedora-clang | 0.4.4 | 109.25 | OK | |||
r-devel-linux-x86_64-fedora-gcc | 0.4.4 | 114.23 | OK | |||
r-devel-windows-x86_64 | 0.4.4 | 27.00 | 76.00 | 103.00 | OK | |
r-patched-linux-x86_64 | 0.4.4 | 31.45 | 41.97 | 73.42 | OK | |
r-release-linux-x86_64 | 0.4.4 | 27.62 | 41.97 | 69.59 | OK | |
r-release-macos-arm64 | 0.4.4 | 43.00 | OK | |||
r-release-macos-x86_64 | 0.4.4 | 83.00 | OK | |||
r-release-windows-x86_64 | 0.4.4 | 34.00 | 83.00 | 117.00 | OK | |
r-oldrel-macos-arm64 | 0.4.4 | 38.00 | OK | |||
r-oldrel-macos-x86_64 | 0.4.4 | 51.00 | OK | |||
r-oldrel-windows-x86_64 | 0.4.4 | 32.00 | 86.00 | 118.00 | OK |
Version: 0.4.4
Check: Rd files
Result: NOTE
checkRd: (-1) qualpal.Rd:22-28: Lost braces in \itemize; meant \describe ?
checkRd: (-1) qualpal.Rd:30-50: Lost braces in \itemize; meant \describe ?
Flavors: r-devel-linux-x86_64-debian-clang, r-devel-linux-x86_64-debian-gcc