CRAN Package Check Results for Package quadprogXT

Last updated on 2024-02-26 04:49:36 CET.

Flavor Version Tinstall Tcheck Ttotal Status Flags
r-devel-linux-x86_64-debian-clang 0.0.5 2.13 21.73 23.86 NOTE
r-devel-linux-x86_64-debian-gcc 0.0.5 1.68 17.19 18.87 NOTE
r-devel-linux-x86_64-fedora-clang 0.0.5 30.22 NOTE
r-devel-linux-x86_64-fedora-gcc 0.0.5 28.84 NOTE
r-devel-windows-x86_64 0.0.5 3.00 38.00 41.00 NOTE
r-patched-linux-x86_64 0.0.5 2.22 21.49 23.71 NOTE
r-release-linux-x86_64 0.0.5 2.03 21.94 23.97 NOTE
r-release-macos-arm64 0.0.5 16.00 NOTE
r-release-macos-x86_64 0.0.5 20.00 NOTE
r-release-windows-x86_64 0.0.5 6.00 38.00 44.00 NOTE
r-oldrel-macos-arm64 0.0.5 23.00 NOTE
r-oldrel-windows-x86_64 0.0.5 5.00 48.00 53.00 NOTE

Check Details

Version: 0.0.5
Check: LazyData
Result: NOTE 'LazyData' is specified without a 'data' directory Flavors: r-devel-linux-x86_64-debian-clang, r-devel-linux-x86_64-debian-gcc, r-devel-linux-x86_64-fedora-clang, r-devel-linux-x86_64-fedora-gcc, r-devel-windows-x86_64, r-patched-linux-x86_64, r-release-linux-x86_64, r-release-macos-arm64, r-release-macos-x86_64, r-release-windows-x86_64, r-oldrel-macos-arm64, r-oldrel-windows-x86_64