Last updated on 2023-12-08 05:02:14 CET.
Flavor | Version | Tinstall | Tcheck | Ttotal | Status | Flags |
---|---|---|---|---|---|---|
r-devel-linux-x86_64-debian-clang | 1.4.3 | 88.40 | 122.20 | 210.60 | NOTE | |
r-devel-linux-x86_64-debian-gcc | 1.4.3 | 69.35 | 91.13 | 160.48 | NOTE | |
r-devel-linux-x86_64-fedora-clang | 1.4.3 | 302.78 | NOTE | |||
r-devel-linux-x86_64-fedora-gcc | 1.4.3 | 326.94 | NOTE | |||
r-devel-windows-x86_64 | 1.4.3 | 74.00 | 129.00 | 203.00 | NOTE | |
r-patched-linux-x86_64 | 1.4.3 | 79.60 | 121.93 | 201.53 | NOTE | |
r-release-linux-x86_64 | 1.4.3 | 83.75 | 119.65 | 203.40 | NOTE | |
r-release-macos-arm64 | 1.4.3 | 83.00 | NOTE | |||
r-release-macos-x86_64 | 1.4.3 | 140.00 | NOTE | |||
r-release-windows-x86_64 | 1.4.3 | 92.00 | 167.00 | 259.00 | NOTE | |
r-oldrel-macos-arm64 | 1.4.3 | 69.00 | NOTE | |||
r-oldrel-macos-x86_64 | 1.4.3 | 120.00 | NOTE | |||
r-oldrel-windows-x86_64 | 1.4.3 | 82.00 | 151.00 | 233.00 | NOTE |
Version: 1.4.3
Check: LazyData
Result: NOTE
'LazyData' is specified without a 'data' directory
Flavors: r-devel-linux-x86_64-debian-clang, r-devel-linux-x86_64-debian-gcc, r-devel-linux-x86_64-fedora-clang, r-devel-linux-x86_64-fedora-gcc, r-devel-windows-x86_64, r-patched-linux-x86_64, r-release-linux-x86_64, r-release-macos-arm64, r-release-macos-x86_64, r-release-windows-x86_64, r-oldrel-macos-arm64, r-oldrel-macos-x86_64, r-oldrel-windows-x86_64
Version: 1.4.3
Check: installed package size
Result: NOTE
installed size is 16.7Mb
sub-directories of 1Mb or more:
libs 16.4Mb
Flavors: r-release-macos-arm64, r-release-macos-x86_64, r-oldrel-macos-arm64, r-oldrel-macos-x86_64