CRAN Package Check Results for Package qtl2ggplot

Last updated on 2023-11-30 04:53:02 CET.

Flavor Version Tinstall Tcheck Ttotal Status Flags
r-devel-linux-x86_64-debian-clang 1.2.2 26.82 173.64 200.46 OK
r-devel-linux-x86_64-debian-gcc 1.2.2 19.48 125.88 145.36 OK
r-devel-linux-x86_64-fedora-clang 1.2.2 268.97 OK
r-devel-linux-x86_64-fedora-gcc 1.2.2 272.29 OK
r-devel-windows-x86_64 1.2.2 24.00 180.00 204.00 NOTE
r-patched-linux-x86_64 1.2.2 30.54 162.00 192.54 OK
r-release-linux-x86_64 1.2.2 18.66 163.67 182.33 OK
r-release-macos-arm64 1.2.2 83.00 NOTE
r-release-macos-x86_64 1.2.2 122.00 NOTE
r-release-windows-x86_64 1.2.2 32.00 216.00 248.00 NOTE
r-oldrel-macos-arm64 1.2.2 80.00 NOTE
r-oldrel-macos-x86_64 1.2.2 116.00 NOTE
r-oldrel-windows-x86_64 1.2.2 30.00 209.00 239.00 NOTE

Check Details

Version: 1.2.2
Check: installed package size
Result: NOTE installed size is 5.6Mb sub-directories of 1Mb or more: doc 4.4Mb libs 1.0Mb Flavors: r-devel-windows-x86_64, r-release-macos-arm64, r-release-macos-x86_64, r-release-windows-x86_64, r-oldrel-macos-arm64, r-oldrel-macos-x86_64, r-oldrel-windows-x86_64