CRAN Package Check Results for Package qtl2ggplot

Last updated on 2024-06-14 05:58:35 CEST.

Flavor Version Tinstall Tcheck Ttotal Status Flags
r-devel-linux-x86_64-debian-clang 1.2.4 27.58 191.29 218.87 OK
r-devel-linux-x86_64-debian-gcc 1.2.4 0.62 1.72 2.34 ERROR
r-devel-linux-x86_64-fedora-clang 1.2.4 284.74 OK
r-devel-linux-x86_64-fedora-gcc 1.2.4 287.64 OK
r-devel-windows-x86_64 1.2.4 23.00 166.00 189.00 NOTE
r-patched-linux-x86_64 1.2.4 30.26 185.56 215.82 OK
r-release-linux-x86_64 1.2.4 16.51 181.52 198.03 OK
r-release-macos-arm64 1.2.4 79.00 NOTE
r-release-macos-x86_64 1.2.4 115.00 NOTE
r-release-windows-x86_64 1.2.4 25.00 175.00 200.00 NOTE
r-oldrel-macos-arm64 1.2.4 84.00 NOTE
r-oldrel-macos-x86_64 1.2.4 143.00 NOTE
r-oldrel-windows-x86_64 1.2.4 30.00 205.00 235.00 NOTE

Check Details

Version: 1.2.4
Check: package dependencies
Result: ERROR Packages required but not available: 'dplyr', 'ggplot2', 'purrr', 'stringr', 'tidyr', 'qtl2', 'ggrepel' Packages suggested but not available for checking: 'devtools', 'testthat', 'roxygen2' See section ‘The DESCRIPTION file’ in the ‘Writing R Extensions’ manual. Flavor: r-devel-linux-x86_64-debian-gcc

Version: 1.2.4
Check: installed package size
Result: NOTE installed size is 5.5Mb sub-directories of 1Mb or more: doc 4.4Mb Flavors: r-devel-windows-x86_64, r-release-macos-arm64, r-release-macos-x86_64, r-release-windows-x86_64, r-oldrel-macos-arm64, r-oldrel-macos-x86_64, r-oldrel-windows-x86_64