CRAN Package Check Results for Package qris

Last updated on 2023-11-30 04:53:02 CET.

Flavor Version Tinstall Tcheck Ttotal Status Flags
r-devel-linux-x86_64-debian-clang 1.0.0 84.24 115.25 199.49 NOTE
r-devel-linux-x86_64-debian-gcc 1.0.0 59.66 85.90 145.56 NOTE
r-devel-linux-x86_64-fedora-clang 1.0.0 278.43 NOTE
r-devel-linux-x86_64-fedora-gcc 1.0.0 281.52 NOTE
r-devel-windows-x86_64 1.0.0 67.00 111.00 178.00 NOTE
r-patched-linux-x86_64 1.0.0 71.39 112.46 183.85 NOTE
r-release-linux-x86_64 1.0.0 72.29 109.90 182.19 NOTE
r-release-macos-arm64 1.0.0 72.00 NOTE
r-release-macos-x86_64 1.0.0 120.00 NOTE
r-release-windows-x86_64 1.0.0 91.00 138.00 229.00 NOTE
r-oldrel-macos-arm64 1.0.0 65.00 OK
r-oldrel-macos-x86_64 1.0.0 91.00 OK
r-oldrel-windows-x86_64 1.0.0 84.00 134.00 218.00 OK

Check Details

Version: 1.0.0
Check: C++ specification
Result: NOTE Specified C++11: please drop specification unless essential Flavors: r-devel-linux-x86_64-debian-clang, r-devel-linux-x86_64-debian-gcc, r-devel-linux-x86_64-fedora-clang, r-devel-linux-x86_64-fedora-gcc, r-devel-windows-x86_64, r-patched-linux-x86_64, r-release-linux-x86_64, r-release-macos-arm64, r-release-macos-x86_64, r-release-windows-x86_64