CRAN Package Check Results for Package qrcmNP

Last updated on 2024-07-19 05:57:42 CEST.

Flavor Version Tinstall Tcheck Ttotal Status Flags
r-devel-linux-x86_64-debian-clang 0.2.1 15.25 156.93 172.18 OK
r-devel-linux-x86_64-debian-gcc 0.2.1 11.88 116.09 127.97 OK
r-devel-linux-x86_64-fedora-clang 0.2.1 222.93 OK
r-devel-linux-x86_64-fedora-gcc 0.2.1 206.97 OK
r-devel-windows-x86_64 0.2.1 16.00 125.00 141.00 NOTE
r-patched-linux-x86_64 0.2.1 18.75 145.87 164.62 OK
r-release-linux-x86_64 0.2.1 10.70 147.99 158.69 OK
r-release-macos-arm64 0.2.1 57.00 OK
r-release-macos-x86_64 0.2.1 101.00 OK
r-release-windows-x86_64 0.2.1 14.00 123.00 137.00 OK
r-oldrel-macos-arm64 0.2.1 57.00 OK
r-oldrel-macos-x86_64 0.2.1 124.00 OK
r-oldrel-windows-x86_64 0.2.1 20.00 142.00 162.00 OK

Check Details

Version: 0.2.1
Check: Rd cross-references
Result: NOTE Found the following Rd file(s) with Rd \link{} targets missing package anchors: piqr.Rd: slp, iqr, summary.iqr, test.fit predict.piqr.Rd: predict.iqr summary.piqr.Rd: summary.iqr Please provide package anchors for all Rd \link{} targets not in the package itself and the base packages. Flavor: r-devel-windows-x86_64