CRAN Package Check Results for Package qrLMM

Last updated on 2024-02-21 04:55:48 CET.

Flavor Version Tinstall Tcheck Ttotal Status Flags
r-devel-linux-x86_64-debian-clang 2.2 OK
r-devel-linux-x86_64-debian-gcc 2.2 9.95 77.09 87.04 OK
r-devel-linux-x86_64-fedora-clang 2.2 145.59 NOTE
r-devel-linux-x86_64-fedora-gcc 2.2 139.85 OK
r-devel-windows-x86_64 2.2 11.00 91.00 102.00 OK
r-patched-linux-x86_64 2.2 13.73 102.03 115.76 OK
r-release-linux-x86_64 2.2 12.52 99.83 112.35 OK
r-release-macos-arm64 2.2 48.00 OK
r-release-macos-x86_64 2.2 86.00 OK
r-release-windows-x86_64 2.2 12.00 104.00 116.00 OK
r-oldrel-macos-arm64 2.2 81.00 OK
r-oldrel-windows-x86_64 2.2 12.00 107.00 119.00 OK

Check Details

Version: 2.2
Check: Rd cross-references
Result: NOTE Undeclared package ‘qrNLMM’ in Rd xrefs Flavor: r-devel-linux-x86_64-fedora-clang