CRAN Package Check Results for Package qbld

Last updated on 2024-03-02 04:48:31 CET.

Flavor Version Tinstall Tcheck Ttotal Status Flags
r-devel-linux-x86_64-debian-clang 1.0.3 206.44 57.30 263.74 NOTE
r-devel-linux-x86_64-debian-gcc 1.0.3 156.81 42.09 198.90 NOTE
r-devel-linux-x86_64-fedora-clang 1.0.3 401.18 NOTE
r-devel-linux-x86_64-fedora-gcc 1.0.3 398.49 NOTE
r-devel-windows-x86_64 1.0.3 150.00 93.00 243.00 OK
r-patched-linux-x86_64 1.0.3 141.75 53.48 195.23 OK
r-release-linux-x86_64 1.0.3 152.91 53.32 206.23 OK
r-release-macos-arm64 1.0.3 92.00 NOTE
r-release-macos-x86_64 1.0.3 147.00 NOTE
r-release-windows-x86_64 1.0.3 201.00 101.00 302.00 OK
r-oldrel-macos-arm64 1.0.3 79.00 NOTE
r-oldrel-windows-x86_64 1.0.3 183.00 99.00 282.00 OK

Check Details

Version: 1.0.3
Check: Rd files
Result: NOTE checkRd: (-1) aldmix.Rd:34: Lost braces in \itemize; \value handles \item{}{} directly checkRd: (-1) aldmix.Rd:35: Lost braces in \itemize; \value handles \item{}{} directly checkRd: (-1) aldmix.Rd:36: Lost braces in \itemize; \value handles \item{}{} directly checkRd: (-1) aldmix.Rd:37: Lost braces in \itemize; \value handles \item{}{} directly checkRd: (-1) gig.Rd:28: Lost braces in \itemize; \value handles \item{}{} directly checkRd: (-1) gig.Rd:29: Lost braces in \itemize; \value handles \item{}{} directly checkRd: (-1) model.qbld.Rd:46: Lost braces in \itemize; \value handles \item{}{} directly checkRd: (-1) model.qbld.Rd:47: Lost braces in \itemize; \value handles \item{}{} directly checkRd: (-1) model.qbld.Rd:48: Lost braces in \itemize; \value handles \item{}{} directly checkRd: (-1) model.qbld.Rd:49: Lost braces in \itemize; \value handles \item{}{} directly checkRd: (-1) model.qbld.Rd:50: Lost braces in \itemize; \value handles \item{}{} directly checkRd: (-1) model.qbld.Rd:51: Lost braces in \itemize; \value handles \item{}{} directly checkRd: (-1) qbld-package.Rd:24: Lost braces; missing escapes or markup? 24 | \item \code{\link{model.qbld}} {: Runs the QBLD sampler as in Rahman and Vossmeyer(2019) and outputs a `qbld' class object.} | ^ checkRd: (-1) qbld-package.Rd:25: Lost braces; missing escapes or markup? 25 | \item \code{\link{summary.qbld}} {: S3 method that summarizes the outputs of the model.qbld function.} | ^ checkRd: (-1) qbld-package.Rd:26: Lost braces; missing escapes or markup? 26 | \item \code{\link{plot.qbld}} {: S3 method that plots `qbld' class object. } | ^ checkRd: (-1) qbld-package.Rd:27: Lost braces; missing escapes or markup? 27 | \item \code{\link{aldmix}} {: Cumulative density, probability distribution function, quantile function and random generation for the asymmetric Laplace distribution.} | ^ checkRd: (-1) qbld-package.Rd:28: Lost braces; missing escapes or markup? 28 | \item \code{\link{gig}} {: Probability distribution function, random generation for the generalised inverse Gaussian.} | ^ checkRd: (-1) qbld-package.Rd:29: Lost braces; missing escapes or markup? 29 | \item \code{\link{airpollution}}, \code{\link{locust}} {: In-built datasets} | ^ checkRd: (-1) summary.qbld.Rd:27: Lost braces in \itemize; \value handles \item{}{} directly checkRd: (-1) summary.qbld.Rd:28: Lost braces in \itemize; \value handles \item{}{} directly checkRd: (-1) summary.qbld.Rd:29: Lost braces in \itemize; \value handles \item{}{} directly checkRd: (-1) summary.qbld.Rd:30: Lost braces in \itemize; \value handles \item{}{} directly checkRd: (-1) summary.qbld.Rd:31: Lost braces in \itemize; \value handles \item{}{} directly checkRd: (-1) summary.qbld.Rd:32: Lost braces in \itemize; \value handles \item{}{} directly checkRd: (-1) summary.qbld.Rd:33: Lost braces in \itemize; \value handles \item{}{} directly checkRd: (-1) summary.qbld.Rd:34: Lost braces in \itemize; \value handles \item{}{} directly Flavors: r-devel-linux-x86_64-debian-clang, r-devel-linux-x86_64-debian-gcc, r-devel-linux-x86_64-fedora-clang, r-devel-linux-x86_64-fedora-gcc

Version: 1.0.3
Check: installed package size
Result: NOTE installed size is 6.5Mb sub-directories of 1Mb or more: libs 6.0Mb Flavors: r-release-macos-arm64, r-release-macos-x86_64, r-oldrel-macos-arm64