Last updated on 2023-12-01 04:54:06 CET.
Flavor | Version | Tinstall | Tcheck | Ttotal | Status | Flags |
---|---|---|---|---|---|---|
r-devel-linux-x86_64-debian-clang | 1.0.3 | 12.24 | 159.27 | 171.51 | NOTE | |
r-devel-linux-x86_64-debian-gcc | 1.0.3 | 10.11 | 116.09 | 126.20 | NOTE | |
r-devel-linux-x86_64-fedora-clang | 1.0.3 | 206.67 | OK | |||
r-devel-linux-x86_64-fedora-gcc | 1.0.3 | 207.49 | OK | |||
r-devel-windows-x86_64 | 1.0.3 | 11.00 | 128.00 | 139.00 | OK | |
r-patched-linux-x86_64 | 1.0.3 | 15.73 | 149.83 | 165.56 | OK | |
r-release-linux-x86_64 | 1.0.3 | 7.08 | 147.98 | 155.06 | OK | |
r-release-macos-arm64 | 1.0.3 | 73.00 | OK | |||
r-release-macos-x86_64 | 1.0.3 | 116.00 | OK | |||
r-release-windows-x86_64 | 1.0.3 | 15.00 | 161.00 | 176.00 | OK | |
r-oldrel-macos-arm64 | 1.0.3 | 55.00 | OK | |||
r-oldrel-macos-x86_64 | 1.0.3 | 98.00 | OK | |||
r-oldrel-windows-x86_64 | 1.0.3 | 16.00 | 167.00 | 183.00 | OK |
Version: 1.0.3
Check: Rd files
Result: NOTE
checkRd: (-1) crosstab.Rd:45: Lost braces in \itemize; \value handles \item{}{} directly
checkRd: (-1) crosstab.Rd:46: Lost braces in \itemize; \value handles \item{}{} directly
checkRd: (-1) crosstab.Rd:47: Lost braces in \itemize; \value handles \item{}{} directly
checkRd: (-1) crosstab.Rd:48: Lost braces in \itemize; \value handles \item{}{} directly
checkRd: (-1) crosstab.Rd:49: Lost braces in \itemize; \value handles \item{}{} directly
checkRd: (-1) crosstab.Rd:50: Lost braces in \itemize; \value handles \item{}{} directly
checkRd: (-1) crosstab.Rd:51-52: Lost braces in \itemize; \value handles \item{}{} directly
Flavors: r-devel-linux-x86_64-debian-clang, r-devel-linux-x86_64-debian-gcc