CRAN Package Check Results for Package pxweb

Last updated on 2024-06-14 05:58:35 CEST.

Flavor Version Tinstall Tcheck Ttotal Status Flags
r-devel-linux-x86_64-debian-clang 0.17.0 8.61 55.73 64.34 OK
r-devel-linux-x86_64-debian-gcc 0.17.0 5.08 39.27 44.35 ERROR
r-devel-linux-x86_64-fedora-clang 0.17.0 77.56 OK
r-devel-linux-x86_64-fedora-gcc 0.17.0 91.02 OK
r-devel-windows-x86_64 0.17.0 7.00 71.00 78.00 OK
r-patched-linux-x86_64 0.17.0 9.95 52.82 62.77 OK
r-release-linux-x86_64 0.17.0 6.74 51.53 58.27 OK
r-release-macos-arm64 0.17.0 30.00 OK
r-release-macos-x86_64 0.17.0 50.00 OK
r-release-windows-x86_64 0.17.0 7.00 73.00 80.00 OK
r-oldrel-macos-arm64 0.17.0 35.00 OK
r-oldrel-macos-x86_64 0.17.0 68.00 OK
r-oldrel-windows-x86_64 0.17.0 9.00 79.00 88.00 OK

Check Details

Version: 0.17.0
Check: package dependencies
Result: NOTE Packages suggested but not available for checking: 'httptest', 'testthat' Flavor: r-devel-linux-x86_64-debian-gcc

Version: 0.17.0
Check: tests
Result: ERROR Running ‘testthat.R’ [0s/1s] Running the tests in ‘tests/testthat.R’ failed. Complete output: > print(Sys.getenv("NOT_CRAN")) [1] "" > testthat::test_check("pxweb") Error in loadNamespace(x) : there is no package called 'testthat' Calls: loadNamespace -> withRestarts -> withOneRestart -> doWithOneRestart Execution halted Flavor: r-devel-linux-x86_64-debian-gcc