Last updated on 2023-12-08 05:02:13 CET.
Flavor | Version | Tinstall | Tcheck | Ttotal | Status | Flags |
---|---|---|---|---|---|---|
r-devel-linux-x86_64-debian-clang | 1.1.1 | 56.02 | 34.64 | 90.66 | OK | |
r-devel-linux-x86_64-debian-gcc | 1.1.1 | 41.65 | 28.04 | 69.69 | OK | |
r-devel-linux-x86_64-fedora-clang | 1.1.1 | 117.47 | NOTE | |||
r-devel-linux-x86_64-fedora-gcc | 1.1.1 | 143.93 | NOTE | |||
r-devel-windows-x86_64 | 1.1.1 | 39.00 | 70.00 | 109.00 | OK | |
r-patched-linux-x86_64 | 1.1.1 | 47.36 | 35.59 | 82.95 | OK | |
r-release-linux-x86_64 | 1.1.1 | 41.15 | 35.28 | 76.43 | OK | |
r-release-macos-arm64 | 1.1.1 | 45.00 | NOTE | |||
r-release-macos-x86_64 | 1.1.1 | 68.00 | NOTE | |||
r-release-windows-x86_64 | 1.1.1 | 50.00 | 76.00 | 126.00 | OK | |
r-oldrel-macos-arm64 | 1.1.1 | 37.00 | NOTE | |||
r-oldrel-macos-x86_64 | 1.1.1 | 50.00 | NOTE | |||
r-oldrel-windows-x86_64 | 1.1.1 | 46.00 | 72.00 | 118.00 | OK |
Version: 1.1.1
Check: dependencies in R code
Result: NOTE
Namespaces in Imports field not imported from:
‘Rcpp’ ‘RcppEigen’
All declared Imports should be used.
Flavors: r-devel-linux-x86_64-fedora-clang, r-devel-linux-x86_64-fedora-gcc, r-oldrel-macos-arm64, r-oldrel-macos-x86_64
Version: 1.1.1
Check: installed package size
Result: NOTE
installed size is 16.6Mb
sub-directories of 1Mb or more:
libs 16.3Mb
Flavors: r-release-macos-arm64, r-release-macos-x86_64, r-oldrel-macos-arm64, r-oldrel-macos-x86_64