CRAN Package Check Results for Package puzzle

Last updated on 2023-12-10 04:56:08 CET.

Flavor Version Tinstall Tcheck Ttotal Status Flags
r-devel-linux-x86_64-debian-clang 0.0.1 3.06 30.50 33.56 OK
r-devel-linux-x86_64-debian-gcc 0.0.1 3.01 23.46 26.47 OK
r-devel-linux-x86_64-fedora-clang 0.0.1 44.83 NOTE
r-devel-linux-x86_64-fedora-gcc 0.0.1 41.51 NOTE
r-devel-windows-x86_64 0.0.1 5.00 49.00 54.00 OK
r-patched-linux-x86_64 0.0.1 4.79 30.55 35.34 OK
r-release-linux-x86_64 0.0.1 2.57 30.42 32.99 OK
r-release-macos-arm64 0.0.1 20.00 OK
r-release-macos-x86_64 0.0.1 27.00 OK
r-release-windows-x86_64 0.0.1 7.00 50.00 57.00 OK
r-oldrel-macos-arm64 0.0.1 17.00 NOTE
r-oldrel-macos-x86_64 0.0.1 31.00 NOTE
r-oldrel-windows-x86_64 0.0.1 7.00 49.00 56.00 OK

Check Details

Version: 0.0.1
Check: dependencies in R code
Result: NOTE Namespaces in Imports field not imported from: ‘kableExtra’ ‘readr’ ‘tidyverse’ All declared Imports should be used. Flavors: r-devel-linux-x86_64-fedora-clang, r-devel-linux-x86_64-fedora-gcc, r-oldrel-macos-arm64, r-oldrel-macos-x86_64