CRAN Package Check Results for Package pubtatordb

Last updated on 2023-12-10 04:56:08 CET.

Flavor Version Tinstall Tcheck Ttotal Status Flags
r-devel-linux-x86_64-debian-clang 0.1.4 1.79 29.55 31.34 NOTE
r-devel-linux-x86_64-debian-gcc 0.1.4 1.92 22.93 24.85 NOTE
r-devel-linux-x86_64-fedora-clang 0.1.4 41.46 NOTE
r-devel-linux-x86_64-fedora-gcc 0.1.4 49.53 NOTE
r-devel-windows-x86_64 0.1.4 4.00 46.00 50.00 NOTE
r-patched-linux-x86_64 0.1.4 2.59 28.77 31.36 NOTE
r-release-linux-x86_64 0.1.4 1.66 28.36 30.02 NOTE
r-release-macos-arm64 0.1.4 26.00 NOTE
r-release-macos-x86_64 0.1.4 30.00 NOTE
r-release-windows-x86_64 0.1.4 4.00 48.00 52.00 NOTE
r-oldrel-macos-arm64 0.1.4 19.00 NOTE
r-oldrel-macos-x86_64 0.1.4 31.00 NOTE
r-oldrel-windows-x86_64 0.1.4 5.00 49.00 54.00 NOTE

Additional issues

donttest

Check Details

Version: 0.1.4
Check: LazyData
Result: NOTE 'LazyData' is specified without a 'data' directory Flavors: r-devel-linux-x86_64-debian-clang, r-devel-linux-x86_64-debian-gcc, r-devel-linux-x86_64-fedora-clang, r-devel-linux-x86_64-fedora-gcc, r-devel-windows-x86_64, r-patched-linux-x86_64, r-release-linux-x86_64, r-release-macos-arm64, r-release-macos-x86_64, r-release-windows-x86_64, r-oldrel-macos-arm64, r-oldrel-macos-x86_64, r-oldrel-windows-x86_64