Last updated on 2023-10-02 05:58:07 CEST.
Flavor | Version | Tinstall | Tcheck | Ttotal | Status | Flags |
---|---|---|---|---|---|---|
r-devel-linux-x86_64-debian-clang | 2.8 | 8.12 | 27.98 | 36.10 | OK | |
r-devel-linux-x86_64-debian-gcc | 2.8 | 7.26 | 21.42 | 28.68 | OK | |
r-devel-linux-x86_64-fedora-clang | 2.8 | 51.89 | NOTE | |||
r-devel-linux-x86_64-fedora-gcc | 2.8 | 47.42 | NOTE | |||
r-devel-windows-x86_64 | 2.8 | 11.00 | 62.00 | 73.00 | OK | |
r-patched-linux-x86_64 | 2.8 | 8.04 | 27.69 | 35.73 | OK | |
r-release-linux-x86_64 | 2.8 | 9.50 | 27.46 | 36.96 | OK | |
r-release-macos-arm64 | 2.8 | 23.00 | OK | |||
r-release-macos-x86_64 | 2.8 | 33.00 | OK | |||
r-release-windows-x86_64 | 2.8 | 13.00 | 66.00 | 79.00 | OK | |
r-oldrel-macos-arm64 | 2.8 | 27.00 | OK | |||
r-oldrel-macos-x86_64 | 2.8 | 30.00 | OK | |||
r-oldrel-windows-x86_64 | 2.8 | 14.00 | 63.00 | 77.00 | OK |
Version: 2.8
Check: compiled code
Result: NOTE
File ‘ptinpoly/libs/ptinpoly.so’:
Found no calls to: ‘R_registerRoutines’, ‘R_useDynamicSymbols’
It is good practice to register native routines and to disable symbol
search.
See ‘Writing portable packages’ in the ‘Writing R Extensions’ manual.
Flavors: r-devel-linux-x86_64-fedora-clang, r-devel-linux-x86_64-fedora-gcc