CRAN Package Check Results for Package psycModel

Last updated on 2024-03-03 04:48:45 CET.

Flavor Version Tinstall Tcheck Ttotal Status Flags
r-devel-linux-x86_64-debian-clang 0.5.0 8.94 223.81 232.75 OK
r-devel-linux-x86_64-debian-gcc 0.5.0 6.66 166.71 173.37 OK
r-devel-linux-x86_64-fedora-clang 0.5.0 295.74 NOTE
r-devel-linux-x86_64-fedora-gcc 0.5.0 288.80 NOTE
r-devel-windows-x86_64 0.5.0 9.00 184.00 193.00 OK
r-patched-linux-x86_64 0.5.0 9.51 215.98 225.49 OK
r-release-linux-x86_64 0.5.0 5.92 218.79 224.71 OK
r-release-macos-arm64 0.5.0 105.00 OK
r-release-macos-x86_64 0.5.0 198.00 OK
r-release-windows-x86_64 0.5.0 12.00 229.00 241.00 OK
r-oldrel-macos-arm64 0.5.0 85.00 OK
r-oldrel-windows-x86_64 0.5.0 11.00 232.00 243.00 OK

Check Details

Version: 0.5.0
Check: dependencies in R code
Result: NOTE Namespaces in Imports field not imported from: ‘lifecycle’ ‘patchwork’ All declared Imports should be used. Flavors: r-devel-linux-x86_64-fedora-clang, r-devel-linux-x86_64-fedora-gcc