Last updated on 2023-12-02 04:52:24 CET.
Flavor | Version | Tinstall | Tcheck | Ttotal | Status | Flags |
---|---|---|---|---|---|---|
r-devel-linux-x86_64-debian-clang | 1.0.4 | 11.24 | 206.31 | 217.55 | NOTE | |
r-devel-linux-x86_64-debian-gcc | 1.0.4 | 8.29 | 156.76 | 165.05 | NOTE | |
r-devel-linux-x86_64-fedora-clang | 1.0.4 | 270.25 | NOTE | |||
r-devel-linux-x86_64-fedora-gcc | 1.0.4 | 267.03 | NOTE | |||
r-devel-windows-x86_64 | 1.0.4 | 10.00 | 149.00 | 159.00 | NOTE | |
r-patched-linux-x86_64 | 1.0.4 | 10.63 | 199.16 | 209.79 | NOTE | |
r-release-linux-x86_64 | 1.0.4 | 8.86 | 193.95 | 202.81 | NOTE | |
r-release-macos-arm64 | 1.0.4 | 156.00 | NOTE | |||
r-release-macos-x86_64 | 1.0.4 | 263.00 | NOTE | |||
r-release-windows-x86_64 | 1.0.4 | 14.00 | 207.00 | 221.00 | NOTE | |
r-oldrel-macos-arm64 | 1.0.4 | 79.00 | NOTE | |||
r-oldrel-macos-x86_64 | 1.0.4 | 192.00 | NOTE | |||
r-oldrel-windows-x86_64 | 1.0.4 | 14.00 | 205.00 | 219.00 | NOTE |
Version: 1.0.4
Check: Rd \usage sections
Result: NOTE
Documented arguments not in \usage in Rd file 'pspline.sample.scalars.Rd':
‘time’
Documented arguments not in \usage in Rd file 'pspline.sample.timeseries.Rd':
‘time’
Functions with \usage entries need to have the appropriate \alias
entries, and all their arguments documented.
The \usage entries must correspond to syntactically valid R code.
See chapter ‘Writing R documentation files’ in the ‘Writing R
Extensions’ manual.
Flavors: r-devel-linux-x86_64-debian-clang, r-devel-linux-x86_64-debian-gcc, r-devel-linux-x86_64-fedora-clang, r-devel-linux-x86_64-fedora-gcc, r-devel-windows-x86_64
Version: 1.0.4
Check: LazyData
Result: NOTE
'LazyData' is specified without a 'data' directory
Flavors: r-devel-linux-x86_64-debian-clang, r-devel-linux-x86_64-debian-gcc, r-devel-linux-x86_64-fedora-clang, r-devel-linux-x86_64-fedora-gcc, r-devel-windows-x86_64, r-patched-linux-x86_64, r-release-linux-x86_64, r-release-macos-arm64, r-release-macos-x86_64, r-release-windows-x86_64, r-oldrel-macos-arm64, r-oldrel-macos-x86_64, r-oldrel-windows-x86_64