CRAN Package Check Results for Package pseval

Last updated on 2023-09-22 05:53:47 CEST.

Flavor Version Tinstall Tcheck Ttotal Status Flags
r-devel-linux-x86_64-debian-clang 1.3.1 5.17 192.49 197.66 NOTE
r-devel-linux-x86_64-debian-gcc 1.3.1 3.69 135.86 139.55 NOTE
r-devel-linux-x86_64-fedora-clang 1.3.1 236.91 NOTE
r-devel-linux-x86_64-fedora-gcc 1.3.1 240.70 NOTE
r-devel-windows-x86_64 1.3.1 6.00 154.00 160.00 NOTE
r-patched-linux-x86_64 1.3.1 5.25 180.78 186.03 NOTE
r-release-linux-x86_64 1.3.1 3.79 181.81 185.60 NOTE
r-release-macos-arm64 1.3.1 69.00 NOTE
r-release-macos-x86_64 1.3.1 150.00 NOTE
r-release-windows-x86_64 1.3.1 7.00 193.00 200.00 NOTE
r-oldrel-macos-arm64 1.3.1 52.00 NOTE
r-oldrel-macos-x86_64 1.3.1 84.00 NOTE
r-oldrel-windows-x86_64 1.3.1 7.00 198.00 205.00 NOTE

Check Details

Version: 1.3.1
Check: LazyData
Result: NOTE
     'LazyData' is specified without a 'data' directory
Flavors: r-devel-linux-x86_64-debian-clang, r-devel-linux-x86_64-debian-gcc, r-devel-linux-x86_64-fedora-clang, r-devel-linux-x86_64-fedora-gcc, r-devel-windows-x86_64, r-patched-linux-x86_64, r-release-linux-x86_64, r-release-macos-arm64, r-release-macos-x86_64, r-release-windows-x86_64, r-oldrel-macos-arm64, r-oldrel-macos-x86_64, r-oldrel-windows-x86_64