Last updated on 2023-12-06 04:56:01 CET.
Flavor | Version | Tinstall | Tcheck | Ttotal | Status | Flags |
---|---|---|---|---|---|---|
r-devel-linux-x86_64-debian-clang | 1.7.5 | 9.82 | 56.33 | 66.15 | OK | |
r-devel-linux-x86_64-debian-gcc | 1.7.5 | 6.93 | 44.14 | 51.07 | OK | |
r-devel-linux-x86_64-fedora-clang | 1.7.5 | 86.21 | OK | |||
r-devel-linux-x86_64-fedora-gcc | 1.7.5 | 83.47 | OK | |||
r-devel-windows-x86_64 | 1.7.5 | 41.00 | 164.00 | 205.00 | WARN | |
r-patched-linux-x86_64 | 1.7.5 | 11.06 | 53.70 | 64.76 | OK | |
r-release-linux-x86_64 | 1.7.5 | 9.37 | 54.07 | 63.44 | OK | |
r-release-macos-arm64 | 1.7.5 | 47.00 | OK | |||
r-release-macos-x86_64 | 1.7.5 | 68.00 | OK | |||
r-release-windows-x86_64 | 1.7.5 | 45.00 | 150.00 | 195.00 | WARN | |
r-oldrel-macos-arm64 | 1.7.5 | 46.00 | OK | |||
r-oldrel-macos-x86_64 | 1.7.5 | 66.00 | OK | |||
r-oldrel-windows-x86_64 | 1.7.5 | 38.00 | 137.00 | 175.00 | OK |
Version: 1.7.5
Check: whether package can be installed
Result: WARN
Found the following significant warnings:
arch/windows/process_handles.h:100:1: warning: function declaration isn't a prototype [-Wstrict-prototypes]
arch/windows/process_handles.c:23:6: warning: function declaration isn't a prototype [-Wstrict-prototypes]
See 'd:/Rcompile/CRANpkg/local/4.4/ps.Rcheck/00install.out' for details.
* used C compiler: 'gcc.exe (GCC) 12.3.0'
Flavor: r-devel-windows-x86_64
Version: 1.7.5
Check: whether package can be installed
Result: WARN
Found the following significant warnings:
arch/windows/process_handles.h:100:1: warning: function declaration isn't a prototype [-Wstrict-prototypes]
arch/windows/process_handles.c:23:6: warning: function declaration isn't a prototype [-Wstrict-prototypes]
See 'd:/Rcompile/CRANpkg/local/4.3/ps.Rcheck/00install.out' for details.
* used C compiler: 'gcc.exe (GCC) 12.3.0'
Flavor: r-release-windows-x86_64