CRAN Package Check Results for Package prt

Last updated on 2024-06-14 05:58:35 CEST.

Flavor Version Tinstall Tcheck Ttotal Status Flags
r-devel-linux-x86_64-debian-clang 0.2.0 6.14 68.86 75.00 OK
r-devel-linux-x86_64-debian-gcc 0.2.0 0.30 1.84 2.14 ERROR
r-devel-linux-x86_64-fedora-clang 0.2.0 98.66 OK
r-devel-linux-x86_64-fedora-gcc 0.2.0 102.54 OK
r-devel-windows-x86_64 0.2.0 5.00 71.00 76.00 OK
r-patched-linux-x86_64 0.2.0 9.12 69.24 78.36 OK
r-release-linux-x86_64 0.2.0 4.72 69.72 74.44 OK
r-release-macos-arm64 0.2.0 36.00 OK
r-release-macos-x86_64 0.2.0 59.00 OK
r-release-windows-x86_64 0.2.0 6.00 77.00 83.00 OK
r-oldrel-macos-arm64 0.2.0 39.00 OK
r-oldrel-macos-x86_64 0.2.0 68.00 OK
r-oldrel-windows-x86_64 0.2.0 8.00 79.00 87.00 OK

Check Details

Version: 0.2.0
Check: package dependencies
Result: ERROR Packages required but not available: 'vctrs', 'tibble', 'pillar' Packages suggested but not available for checking: 'testthat', 'nycflights13', 'bench' See section ‘The DESCRIPTION file’ in the ‘Writing R Extensions’ manual. Flavor: r-devel-linux-x86_64-debian-gcc