CRAN Package Check Results for Package proustr

Last updated on 2024-06-14 05:58:35 CEST.

Flavor Version Tinstall Tcheck Ttotal Status Flags
r-devel-linux-x86_64-debian-clang 0.4.0 7.26 66.51 73.77 NOTE
r-devel-linux-x86_64-debian-gcc 0.4.0 0.51 1.84 2.35 ERROR
r-devel-linux-x86_64-fedora-clang 0.4.0 92.39 NOTE
r-devel-linux-x86_64-fedora-gcc 0.4.0 100.86 NOTE
r-devel-windows-x86_64 0.4.0 8.00 74.00 82.00 NOTE
r-patched-linux-x86_64 0.4.0 7.32 63.76 71.08 NOTE
r-release-linux-x86_64 0.4.0 5.30 62.82 68.12 NOTE
r-release-macos-arm64 0.4.0 37.00 NOTE
r-release-macos-x86_64 0.4.0 121.00 NOTE
r-release-windows-x86_64 0.4.0 9.00 78.00 87.00 NOTE
r-oldrel-macos-arm64 0.4.0 38.00 OK
r-oldrel-macos-x86_64 0.4.0 54.00 OK
r-oldrel-windows-x86_64 0.4.0 11.00 81.00 92.00 OK

Check Details

Version: 0.4.0
Check: Rd files
Result: NOTE checkRd: (-1) pr_stem_sentences.Rd:20: Lost braces; missing escapes or markup? 20 | Implementation of the {SnowballC} stemmer. Note that punctuation and capital letters | ^ checkRd: (-1) pr_stem_words.Rd:20: Lost braces; missing escapes or markup? 20 | Implementation of the {SnowballC} stemmer. Note that punctuation and capitals letters | ^ checkRd: (-1) proust_sentiments.Rd:7: Lost braces; missing escapes or markup? 7 | See the {rfeel} package now: http://github.com/ColinFay/rfeel} | ^ checkRd: (-1) proust_sentiments.Rd:20: Lost braces; missing escapes or markup? 20 | See the {rfeel} package now: http://github.com/ColinFay/rfeel | ^ Flavors: r-devel-linux-x86_64-debian-clang, r-devel-linux-x86_64-fedora-clang, r-devel-linux-x86_64-fedora-gcc, r-devel-windows-x86_64, r-patched-linux-x86_64, r-release-linux-x86_64, r-release-macos-arm64, r-release-macos-x86_64, r-release-windows-x86_64

Version: 0.4.0
Check: package dependencies
Result: ERROR Packages required but not available: 'stringr', 'tidyr' Packages suggested but not available for checking: 'testthat', 'dplyr' See section ‘The DESCRIPTION file’ in the ‘Writing R Extensions’ manual. Flavor: r-devel-linux-x86_64-debian-gcc

Version: 0.4.0
Check: data for non-ASCII characters
Result: NOTE Note: found 12717 marked UTF-8 strings Flavors: r-devel-linux-x86_64-fedora-clang, r-devel-linux-x86_64-fedora-gcc