Last updated on 2023-12-07 04:56:33 CET.
Flavor | Version | Tinstall | Tcheck | Ttotal | Status | Flags |
---|---|---|---|---|---|---|
r-devel-linux-x86_64-debian-clang | 0.4.0 | 7.78 | 63.83 | 71.61 | NOTE | |
r-devel-linux-x86_64-debian-gcc | 0.4.0 | 4.97 | 48.82 | 53.79 | NOTE | |
r-devel-linux-x86_64-fedora-clang | 0.4.0 | 87.72 | NOTE | |||
r-devel-linux-x86_64-fedora-gcc | 0.4.0 | 96.53 | NOTE | |||
r-devel-windows-x86_64 | 0.4.0 | 9.00 | 73.00 | 82.00 | OK | |
r-patched-linux-x86_64 | 0.4.0 | 5.54 | 61.12 | 66.66 | OK | |
r-release-linux-x86_64 | 0.4.0 | 5.55 | 59.45 | 65.00 | OK | |
r-release-macos-arm64 | 0.4.0 | 38.00 | OK | |||
r-release-macos-x86_64 | 0.4.0 | 54.00 | OK | |||
r-release-windows-x86_64 | 0.4.0 | 11.00 | 83.00 | 94.00 | OK | |
r-oldrel-macos-arm64 | 0.4.0 | 31.00 | NOTE | |||
r-oldrel-macos-x86_64 | 0.4.0 | 55.00 | NOTE | |||
r-oldrel-windows-x86_64 | 0.4.0 | 12.00 | 86.00 | 98.00 | OK |
Version: 0.4.0
Check: Rd files
Result: NOTE
checkRd: (-1) pr_stem_sentences.Rd:20: Lost braces; missing escapes or markup?
20 | Implementation of the {SnowballC} stemmer. Note that punctuation and capital letters
| ^
checkRd: (-1) pr_stem_words.Rd:20: Lost braces; missing escapes or markup?
20 | Implementation of the {SnowballC} stemmer. Note that punctuation and capitals letters
| ^
checkRd: (-1) proust_sentiments.Rd:7: Lost braces; missing escapes or markup?
7 | See the {rfeel} package now: http://github.com/ColinFay/rfeel}
| ^
checkRd: (-1) proust_sentiments.Rd:20: Lost braces; missing escapes or markup?
20 | See the {rfeel} package now: http://github.com/ColinFay/rfeel
| ^
Flavors: r-devel-linux-x86_64-debian-clang, r-devel-linux-x86_64-debian-gcc
Version: 0.4.0
Check: data for non-ASCII characters
Result: NOTE
Note: found 12717 marked UTF-8 strings
Flavors: r-devel-linux-x86_64-fedora-clang, r-devel-linux-x86_64-fedora-gcc, r-oldrel-macos-arm64, r-oldrel-macos-x86_64