CRAN Package Check Results for Package protti

Last updated on 2023-11-29 04:57:32 CET.

Flavor Version Tinstall Tcheck Ttotal Status Flags
r-devel-linux-x86_64-debian-clang 0.6.0 20.21 254.67 274.88 NOTE
r-devel-linux-x86_64-debian-gcc 0.6.0 19.08 184.74 203.82 NOTE
r-devel-linux-x86_64-fedora-clang 0.6.0 336.95 OK
r-devel-linux-x86_64-fedora-gcc 0.6.0 353.60 OK
r-devel-windows-x86_64 0.6.0 20.00 198.00 218.00 OK
r-patched-linux-x86_64 0.6.0 21.85 239.82 261.67 OK
r-release-linux-x86_64 0.6.0 14.97 241.16 256.13 OK
r-release-macos-arm64 0.6.0 97.00 NOTE
r-release-macos-x86_64 0.6.0 138.00 NOTE
r-release-windows-x86_64 0.6.0 27.00 259.00 286.00 OK
r-oldrel-macos-arm64 0.6.0 86.00 OK
r-oldrel-macos-x86_64 0.6.0 114.00 OK
r-oldrel-windows-x86_64 0.6.0 29.00 238.00 267.00 OK

Additional issues

donttest

Check Details

Version: 0.6.0
Check: Rd files
Result: NOTE checkRd: (-1) assign_missingness.Rd:57-58: Lost braces in \itemize; \value handles \item{}{} directly checkRd: (-1) assign_missingness.Rd:59-60: Lost braces in \itemize; \value handles \item{}{} directly checkRd: (-1) assign_missingness.Rd:61-62: Lost braces in \itemize; \value handles \item{}{} directly checkRd: (-1) assign_missingness.Rd:63-66: Lost braces in \itemize; \value handles \item{}{} directly checkRd: (-1) calculate_diff_abundance.Rd:105-107: Lost braces in \itemize; \value handles \item{}{} directly checkRd: (-1) calculate_diff_abundance.Rd:108-115: Lost braces in \itemize; \value handles \item{}{} directly checkRd: (-1) calculate_diff_abundance.Rd:116-126: Lost braces in \itemize; \value handles \item{}{} directly checkRd: (-1) calculate_diff_abundance.Rd:127-131: Lost braces in \itemize; \value handles \item{}{} directly checkRd: (-1) diff_abundance.Rd:15-17: Lost braces in \itemize; \value handles \item{}{} directly checkRd: (-1) diff_abundance.Rd:18-25: Lost braces in \itemize; \value handles \item{}{} directly checkRd: (-1) diff_abundance.Rd:26-36: Lost braces in \itemize; \value handles \item{}{} directly checkRd: (-1) diff_abundance.Rd:37-41: Lost braces in \itemize; \value handles \item{}{} directly checkRd: (-1) extract_metal_binders.Rd:47: Lost braces in \itemize; \value handles \item{}{} directly checkRd: (-1) extract_metal_binders.Rd:48-49: Lost braces in \itemize; \value handles \item{}{} directly checkRd: (-1) extract_metal_binders.Rd:50-51: Lost braces in \itemize; \value handles \item{}{} directly checkRd: (-1) extract_metal_binders.Rd:52-53: Lost braces in \itemize; \value handles \item{}{} directly checkRd: (-1) extract_metal_binders.Rd:54: Lost braces in \itemize; \value handles \item{}{} directly checkRd: (-1) extract_metal_binders.Rd:55-56: Lost braces in \itemize; \value handles \item{}{} directly checkRd: (-1) extract_metal_binders.Rd:57: Lost braces in \itemize; \value handles \item{}{} directly checkRd: (-1) extract_metal_binders.Rd:58: Lost braces in \itemize; \value handles \item{}{} directly checkRd: (-1) extract_metal_binders.Rd:59-60: Lost braces in \itemize; \value handles \item{}{} directly checkRd: (-1) extract_metal_binders.Rd:61: Lost braces in \itemize; \value handles \item{}{} directly checkRd: (-1) extract_metal_binders.Rd:62: Lost braces in \itemize; \value handles \item{}{} directly checkRd: (-1) extract_metal_binders.Rd:63-64: Lost braces in \itemize; \value handles \item{}{} directly checkRd: (-1) extract_metal_binders.Rd:65: Lost braces in \itemize; \value handles \item{}{} directly checkRd: (-1) extract_metal_binders.Rd:66-68: Lost braces in \itemize; \value handles \item{}{} directly checkRd: (-1) extract_metal_binders.Rd:69: Lost braces in \itemize; \value handles \item{}{} directly checkRd: (-1) extract_metal_binders.Rd:70-71: Lost braces in \itemize; \value handles \item{}{} directly checkRd: (-1) extract_metal_binders.Rd:72: Lost braces in \itemize; \value handles \item{}{} directly checkRd: (-1) extract_metal_binders.Rd:73: Lost braces in \itemize; \value handles \item{}{} directly checkRd: (-1) extract_metal_binders.Rd:74: Lost braces in \itemize; \value handles \item{}{} directly checkRd: (-1) extract_metal_binders.Rd:75: Lost braces in \itemize; \value handles \item{}{} directly checkRd: (-1) fetch_alphafold_aligned_error.Rd:37-38: Lost braces in \itemize; \value handles \item{}{} directly checkRd: (-1) fetch_alphafold_aligned_error.Rd:39-40: Lost braces in \itemize; \value handles \item{}{} directly checkRd: (-1) fetch_alphafold_aligned_error.Rd:41: Lost braces in \itemize; \value handles \item{}{} directly checkRd: (-1) fetch_alphafold_aligned_error.Rd:42: Lost braces in \itemize; \value handles \item{}{} directly checkRd: (-1) fetch_alphafold_prediction.Rd:46-47: Lost braces in \itemize; \value handles \item{}{} directly checkRd: (-1) fetch_alphafold_prediction.Rd:48-49: Lost braces in \itemize; \value handles \item{}{} directly checkRd: (-1) fetch_alphafold_prediction.Rd:50-51: Lost braces in \itemize; \value handles \item{}{} directly checkRd: (-1) fetch_alphafold_prediction.Rd:52-53: Lost braces in \itemize; \value handles \item{}{} directly checkRd: (-1) fetch_alphafold_prediction.Rd:54-55: Lost braces in \itemize; \value handles \item{}{} directly checkRd: (-1) fetch_alphafold_prediction.Rd:56-57: Lost braces in \itemize; \value handles \item{}{} directly checkRd: (-1) fetch_alphafold_prediction.Rd:58: Lost braces in \itemize; \value handles \item{}{} directly checkRd: (-1) fetch_alphafold_prediction.Rd:59: Lost braces in \itemize; \value handles \item{}{} directly checkRd: (-1) fetch_alphafold_prediction.Rd:60: Lost braces in \itemize; \value handles \item{}{} directly checkRd: (-1) fetch_alphafold_prediction.Rd:61: Lost braces in \itemize; \value handles \item{}{} directly checkRd: (-1) fetch_alphafold_prediction.Rd:62: Lost braces in \itemize; \value handles \item{}{} directly checkRd: (-1) fetch_alphafold_prediction.Rd:63: Lost braces in \itemize; \value handles \item{}{} directly checkRd: (-1) fetch_alphafold_prediction.Rd:64: Lost braces in \itemize; \value handles \item{}{} directly checkRd: (-1) fetch_alphafold_prediction.Rd:65: Lost braces in \itemize; \value handles \item{}{} directly checkRd: (-1) fetch_alphafold_prediction.Rd:66: Lost braces in \itemize; \value handles \item{}{} directly checkRd: (-1) fetch_metal_pdb.Rd:78-80: Lost braces in \itemize; \value handles \item{}{} directly checkRd: (-1) fetch_metal_pdb.Rd:81-83: Lost braces in \itemize; \value handles \item{}{} directly checkRd: (-1) fetch_metal_pdb.Rd:84: Lost braces in \itemize; \value handles \item{}{} directly checkRd: (-1) fetch_metal_pdb.Rd:85-89: Lost braces in \itemize; \value handles \item{}{} directly checkRd: (-1) fetch_metal_pdb.Rd:90-92: Lost braces in \itemize; \value handles \item{}{} directly checkRd: (-1) fetch_metal_pdb.Rd:93-95: Lost braces in \itemize; \value handles \item{}{} directly checkRd: (-1) fetch_metal_pdb.Rd:96-98: Lost braces in \itemize; \value handles \item{}{} directly checkRd: (-1) fetch_metal_pdb.Rd:99-101: Lost braces in \itemize; \value handles \item{}{} directly checkRd: (-1) fetch_pdb.Rd:22-23: Lost braces in \itemize; \value handles \item{}{} directly checkRd: (-1) fetch_pdb.Rd:24: Lost braces in \itemize; \value handles \item{}{} directly checkRd: (-1) fetch_pdb.Rd:25-30: Lost braces in \itemize; \value handles \item{}{} directly checkRd: (-1) fetch_pdb.Rd:31-35: Lost braces in \itemize; \value handles \item{}{} directly checkRd: (-1) fetch_pdb.Rd:36-38: Lost braces in \itemize; \value handles \item{}{} directly checkRd: (-1) fetch_pdb.Rd:39-41: Lost braces in \itemize; \value handles \item{}{} directly checkRd: (-1) fetch_pdb.Rd:42-43: Lost braces in \itemize; \value handles \item{}{} directly checkRd: (-1) fetch_pdb.Rd:44-45: Lost braces in \itemize; \value handles \item{}{} directly checkRd: (-1) fetch_pdb.Rd:46-49: Lost braces in \itemize; \value handles \item{}{} directly checkRd: (-1) fetch_pdb_structure.Rd:24-26: Lost braces in \itemize; \value handles \item{}{} directly checkRd: (-1) fetch_pdb_structure.Rd:27-30: Lost braces in \itemize; \value handles \item{}{} directly checkRd: (-1) fetch_pdb_structure.Rd:31-32: Lost braces in \itemize; \value handles \item{}{} directly checkRd: (-1) fetch_pdb_structure.Rd:33-35: Lost braces in \itemize; \value handles \item{}{} directly checkRd: (-1) fetch_pdb_structure.Rd:36-37: Lost braces in \itemize; \value handles \item{}{} directly checkRd: (-1) fetch_pdb_structure.Rd:38-42: Lost braces in \itemize; \value handles \item{}{} directly checkRd: (-1) fetch_pdb_structure.Rd:43-44: Lost braces in \itemize; \value handles \item{}{} directly checkRd: (-1) fetch_pdb_structure.Rd:45: Lost braces in \itemize; \value handles \item{}{} directly checkRd: (-1) fetch_pdb_structure.Rd:46: Lost braces in \itemize; \value handles \item{}{} directly checkRd: (-1) fetch_pdb_structure.Rd:47: Lost braces in \itemize; \value handles \item{}{} directly checkRd: (-1) fetch_pdb_structure.Rd:48: Lost braces in \itemize; \value handles \item{}{} directly checkRd: (-1) fetch_pdb_structure.Rd:49-50: Lost braces in \itemize; \value handles \item{}{} directly checkRd: (-1) fetch_pdb_structure.Rd:51-53: Lost braces in \itemize; \value handles \item{}{} directly checkRd: (-1) fetch_pdb_structure.Rd:54-56: Lost braces in \itemize; \value handles \item{}{} directly checkRd: (-1) fetch_pdb_structure.Rd:57-59: Lost braces in \itemize; \value handles \item{}{} directly checkRd: (-1) fetch_pdb_structure.Rd:60-62: Lost braces in \itemize; \value handles \item{}{} directly checkRd: (-1) fetch_pdb_structure.Rd:63: Lost braces in \itemize; \value handles \item{}{} directly checkRd: (-1) fetch_pdb_structure.Rd:64: Lost braces in \itemize; \value handles \item{}{} directly checkRd: (-1) find_peptide_in_structure.Rd:48-49: Lost braces in \itemize; \value handles \item{}{} directly checkRd: (-1) find_peptide_in_structure.Rd:50: Lost braces in \itemize; \value handles \item{}{} directly checkRd: (-1) find_peptide_in_structure.Rd:51-53: Lost braces in \itemize; \value handles \item{}{} directly checkRd: (-1) find_peptide_in_structure.Rd:54-55: Lost braces in \itemize; \value handles \item{}{} directly checkRd: (-1) find_peptide_in_structure.Rd:56-57: Lost braces in \itemize; \value handles \item{}{} directly checkRd: (-1) find_peptide_in_structure.Rd:58-59: Lost braces in \itemize; \value handles \item{}{} directly checkRd: (-1) find_peptide_in_structure.Rd:60-63: Lost braces in \itemize; \value handles \item{}{} directly checkRd: (-1) find_peptide_in_structure.Rd:64-67: Lost braces in \itemize; \value handles \item{}{} directly checkRd: (-1) find_peptide_in_structure.Rd:68-71: Lost braces in \itemize; \value handles \item{}{} directly checkRd: (-1) find_peptide_in_structure.Rd:72-73: Lost braces in \itemize; \value handles \item{}{} directly checkRd: (-1) find_peptide_in_structure.Rd:74-75: Lost braces in \itemize; \value handles \item{}{} directly checkRd: (-1) fit_drc_4p.Rd:86: Lost braces 86 | (measured points). If \ code{include_models = TURE}, a list is returned that contains: | ^ checkRd: (-1) fit_drc_4p.Rd:88: Lost braces in \itemize; \value handles \item{}{} directly checkRd: (-1) fit_drc_4p.Rd:89: Lost braces in \itemize; \value handles \item{}{} directly checkRd: (-1) predict_alphafold_domain.Rd:45: Lost braces in \itemize; \value handles \item{}{} directly checkRd: (-1) predict_alphafold_domain.Rd:46: Lost braces in \itemize; \value handles \item{}{} directly checkRd: (-1) predict_alphafold_domain.Rd:47: Lost braces in \itemize; \value handles \item{}{} directly Flavors: r-devel-linux-x86_64-debian-clang, r-devel-linux-x86_64-debian-gcc

Version: 0.6.0
Check: package dependencies
Result: NOTE Package suggested but not available for checking: ‘proDA’ Flavors: r-release-macos-arm64, r-release-macos-x86_64