Last updated on 2023-12-07 04:56:33 CET.
Flavor | Version | Tinstall | Tcheck | Ttotal | Status | Flags |
---|---|---|---|---|---|---|
r-devel-linux-x86_64-debian-clang | 2.3.0 | 84.56 | 32.90 | 117.46 | OK | |
r-devel-linux-x86_64-debian-gcc | 2.3.0 | 63.73 | 25.98 | 89.71 | OK | |
r-devel-linux-x86_64-fedora-clang | 2.3.0 | 172.19 | NOTE | |||
r-devel-linux-x86_64-fedora-gcc | 2.3.0 | 177.44 | OK | |||
r-devel-windows-x86_64 | 2.3.0 | 66.00 | 86.00 | 152.00 | OK | |
r-patched-linux-x86_64 | 2.3.0 | 73.14 | 33.04 | 106.18 | OK | |
r-release-linux-x86_64 | 2.3.0 | 76.29 | 33.11 | 109.40 | OK | |
r-release-macos-arm64 | 2.3.0 | 126.00 | NOTE | |||
r-release-macos-x86_64 | 2.3.0 | 75.00 | NOTE | |||
r-release-windows-x86_64 | 2.3.0 | 78.00 | 94.00 | 172.00 | OK | |
r-oldrel-macos-arm64 | 2.3.0 | 45.00 | NOTE | |||
r-oldrel-macos-x86_64 | 2.3.0 | 83.00 | NOTE | |||
r-oldrel-windows-x86_64 | 2.3.0 | 88.00 | 93.00 | 181.00 | OK |
Version: 2.3.0
Check: Rd cross-references
Result: NOTE
Undeclared package ‘RProtoBuf’ in Rd xrefs
Flavor: r-devel-linux-x86_64-fedora-clang
Version: 2.3.0
Check: installed package size
Result: NOTE
installed size is 21.4Mb
sub-directories of 1Mb or more:
libs 21.3Mb
Flavors: r-release-macos-arm64, r-release-macos-x86_64, r-oldrel-macos-arm64, r-oldrel-macos-x86_64