Last updated on 2023-11-30 04:53:02 CET.
Flavor | Version | Tinstall | Tcheck | Ttotal | Status | Flags |
---|---|---|---|---|---|---|
r-devel-linux-x86_64-debian-clang | 0.5.2 | 4.04 | 51.81 | 55.85 | NOTE | |
r-devel-linux-x86_64-debian-gcc | 0.5.2 | 4.23 | 39.76 | 43.99 | NOTE | |
r-devel-linux-x86_64-fedora-clang | 0.5.2 | 71.35 | OK | |||
r-devel-linux-x86_64-fedora-gcc | 0.5.2 | 79.37 | OK | |||
r-devel-windows-x86_64 | 0.5.2 | 4.00 | 70.00 | 74.00 | OK | |
r-patched-linux-x86_64 | 0.5.2 | 4.91 | 51.64 | 56.55 | OK | |
r-release-linux-x86_64 | 0.5.2 | 4.52 | 50.11 | 54.63 | OK | |
r-release-macos-arm64 | 0.5.2 | 36.00 | OK | |||
r-release-macos-x86_64 | 0.5.2 | 86.00 | OK | |||
r-release-windows-x86_64 | 0.5.2 | 6.00 | 72.00 | 78.00 | OK | |
r-oldrel-macos-arm64 | 0.5.2 | 34.00 | OK | |||
r-oldrel-macos-x86_64 | 0.5.2 | 44.00 | OK | |||
r-oldrel-windows-x86_64 | 0.5.2 | 7.00 | 78.00 | 85.00 | OK |
Version: 0.5.2
Check: Rd files
Result: NOTE
checkRd: (-1) prolific_prescreener.Rd:254: Lost braces in \itemize; meant \describe ?
checkRd: (-1) prolific_prescreener.Rd:255: Lost braces in \itemize; meant \describe ?
checkRd: (-1) prolific_study.Rd:95: Lost braces in \itemize; meant \describe ?
checkRd: (-1) prolific_study.Rd:96: Lost braces in \itemize; meant \describe ?
checkRd: (-1) prolific_study.Rd:97: Lost braces in \itemize; meant \describe ?
checkRd: (-1) prolific_study.Rd:109: Lost braces in \itemize; meant \describe ?
checkRd: (-1) prolific_study.Rd:110: Lost braces in \itemize; meant \describe ?
checkRd: (-1) prolific_study.Rd:149: Lost braces in \itemize; meant \describe ?
checkRd: (-1) prolific_study.Rd:150: Lost braces in \itemize; meant \describe ?
checkRd: (-1) prolific_study.Rd:151: Lost braces in \itemize; meant \describe ?
checkRd: (-1) prolific_study.Rd:243: Lost braces in \itemize; meant \describe ?
checkRd: (-1) prolific_study.Rd:244: Lost braces in \itemize; meant \describe ?
Flavors: r-devel-linux-x86_64-debian-clang, r-devel-linux-x86_64-debian-gcc