CRAN Package Check Results for Package processmonitR

Last updated on 2024-02-26 04:49:36 CET.

Flavor Version Tinstall Tcheck Ttotal Status Flags
r-devel-linux-x86_64-debian-clang 0.1.0 9.16 72.67 81.83 NOTE
r-devel-linux-x86_64-debian-gcc 0.1.0 7.55 55.32 62.87 NOTE
r-devel-linux-x86_64-fedora-clang 0.1.0 107.57 NOTE
r-devel-linux-x86_64-fedora-gcc 0.1.0 114.06 NOTE
r-devel-windows-x86_64 0.1.0 9.00 71.00 80.00 NOTE
r-patched-linux-x86_64 0.1.0 7.06 70.63 77.69 NOTE
r-release-linux-x86_64 0.1.0 5.79 69.79 75.58 NOTE
r-release-macos-arm64 0.1.0 38.00 NOTE
r-release-macos-x86_64 0.1.0 65.00 NOTE
r-release-windows-x86_64 0.1.0 12.00 78.00 90.00 NOTE
r-oldrel-macos-arm64 0.1.0 34.00 NOTE
r-oldrel-windows-x86_64 0.1.0 12.00 88.00 100.00 NOTE

Check Details

Version: 0.1.0
Check: LazyData
Result: NOTE 'LazyData' is specified without a 'data' directory Flavors: r-devel-linux-x86_64-debian-clang, r-devel-linux-x86_64-debian-gcc, r-devel-linux-x86_64-fedora-clang, r-devel-linux-x86_64-fedora-gcc, r-devel-windows-x86_64, r-patched-linux-x86_64, r-release-linux-x86_64, r-release-macos-arm64, r-release-macos-x86_64, r-release-windows-x86_64, r-oldrel-macos-arm64, r-oldrel-windows-x86_64