Last updated on 2023-12-10 04:56:08 CET.
Flavor | Version | Tinstall | Tcheck | Ttotal | Status | Flags |
---|---|---|---|---|---|---|
r-devel-linux-x86_64-debian-clang | 1.1.1 | 3.11 | 34.53 | 37.64 | NOTE | |
r-devel-linux-x86_64-debian-gcc | 1.1.1 | 2.00 | 26.69 | 28.69 | NOTE | |
r-devel-linux-x86_64-fedora-clang | 1.1.1 | 46.84 | OK | |||
r-devel-linux-x86_64-fedora-gcc | 1.1.1 | 44.82 | OK | |||
r-devel-windows-x86_64 | 1.1.1 | 4.00 | 57.00 | 61.00 | OK | |
r-patched-linux-x86_64 | 1.1.1 | 3.54 | 33.82 | 37.36 | OK | |
r-release-linux-x86_64 | 1.1.1 | 3.33 | 33.44 | 36.77 | OK | |
r-release-macos-arm64 | 1.1.1 | 19.00 | OK | |||
r-release-macos-x86_64 | 1.1.1 | 25.00 | OK | |||
r-release-windows-x86_64 | 1.1.1 | 4.00 | 56.00 | 60.00 | OK | |
r-oldrel-macos-arm64 | 1.1.1 | 20.00 | OK | |||
r-oldrel-macos-x86_64 | 1.1.1 | 25.00 | OK | |||
r-oldrel-windows-x86_64 | 1.1.1 | 5.00 | 51.00 | 56.00 | OK |
Version: 1.1.1
Check: Rd files
Result: NOTE
checkRd: (-1) clr_darken.Rd:50: Lost braces; missing escapes or markup?
50 | information regarding use of color spaces, please refer to the {colorspace}
| ^
checkRd: (-1) clr_lighten.Rd:50: Lost braces; missing escapes or markup?
50 | information regarding use of color spaces, please refer to the {colorspace}
| ^
Flavors: r-devel-linux-x86_64-debian-clang, r-devel-linux-x86_64-debian-gcc