Last updated on 2023-12-08 05:02:13 CET.
Flavor | Version | Tinstall | Tcheck | Ttotal | Status | Flags |
---|---|---|---|---|---|---|
r-devel-linux-x86_64-debian-clang | 1.0.21 | 3.77 | 59.59 | 63.36 | NOTE | |
r-devel-linux-x86_64-debian-gcc | 1.0.21 | 2.93 | 44.62 | 47.55 | NOTE | |
r-devel-linux-x86_64-fedora-clang | 1.0.21 | 78.41 | OK | |||
r-devel-linux-x86_64-fedora-gcc | 1.0.21 | 87.03 | OK | |||
r-devel-windows-x86_64 | 1.0.21 | 4.00 | 72.00 | 76.00 | OK | |
r-patched-linux-x86_64 | 1.0.21 | 3.91 | 58.31 | 62.22 | OK | |
r-release-linux-x86_64 | 1.0.21 | 3.95 | 58.09 | 62.04 | OK | |
r-release-macos-arm64 | 1.0.21 | 39.00 | OK | |||
r-release-macos-x86_64 | 1.0.21 | 62.00 | OK | |||
r-release-windows-x86_64 | 1.0.21 | 5.00 | 80.00 | 85.00 | OK | |
r-oldrel-macos-arm64 | 1.0.21 | 39.00 | OK | |||
r-oldrel-macos-x86_64 | 1.0.21 | 53.00 | OK | |||
r-oldrel-windows-x86_64 | 1.0.21 | 5.00 | 78.00 | 83.00 | OK |
Version: 1.0.21
Check: Rd files
Result: NOTE
checkRd: (-1) prim.box.Rd:66: Lost braces in \itemize; meant \describe ?
checkRd: (-1) prim.box.Rd:68: Lost braces in \itemize; meant \describe ?
checkRd: (-1) prim.box.Rd:70: Lost braces in \itemize; meant \describe ?
Flavors: r-devel-linux-x86_64-debian-clang, r-devel-linux-x86_64-debian-gcc