CRAN Package Check Results for Package pqrBayes

Last updated on 2024-03-04 04:51:38 CET.

Flavor Version Tinstall Tcheck Ttotal Status Flags
r-devel-linux-x86_64-debian-clang 1.0.2 64.41 41.31 105.72 NOTE
r-devel-linux-x86_64-debian-gcc 1.0.2 55.37 31.23 86.60 NOTE
r-devel-linux-x86_64-fedora-clang 1.0.2 162.88 NOTE
r-devel-linux-x86_64-fedora-gcc 1.0.2 156.38 NOTE
r-devel-windows-x86_64 1.0.2 54.00 75.00 129.00 NOTE
r-patched-linux-x86_64 1.0.2 65.12 40.73 105.85 OK
r-release-linux-x86_64 1.0.2 62.46 40.25 102.71 OK
r-release-macos-arm64 1.0.2 42.00 OK
r-release-macos-x86_64 1.0.2 61.00 OK
r-release-windows-x86_64 1.0.2 67.00 84.00 151.00 OK
r-oldrel-macos-arm64 1.0.2 45.00 OK
r-oldrel-windows-x86_64 1.0.2 64.00 84.00 148.00 OK

Check Details

Version: 1.0.2
Check: Rd files
Result: NOTE checkRd: (-1) pqrBayes.Rd:58: Lost braces; missing escapes or markup? 58 | When {sparse=TRUE} (default), spike--and--slab priors are adopted. Otherwise, Laplacian shrinkage will be used. | ^ checkRd: (-1) pqrBayes.Rd:62: Lost braces in \itemize; meant \describe ? checkRd: (-1) pqrBayes.Rd:63: Lost braces in \itemize; meant \describe ? Flavors: r-devel-linux-x86_64-debian-clang, r-devel-linux-x86_64-debian-gcc, r-devel-linux-x86_64-fedora-clang, r-devel-linux-x86_64-fedora-gcc, r-devel-windows-x86_64