CRAN Package Check Results for Package powerjoin

Last updated on 2024-07-15 05:49:10 CEST.

Flavor Version Tinstall Tcheck Ttotal Status Flags
r-devel-linux-x86_64-debian-clang 0.1.0 4.22 61.04 65.26 NOTE
r-devel-linux-x86_64-debian-gcc 0.1.0 5.37 45.16 50.53 NOTE
r-devel-linux-x86_64-fedora-clang 0.1.0 84.03 NOTE
r-devel-linux-x86_64-fedora-gcc 0.1.0 78.38 NOTE
r-devel-windows-x86_64 0.1.0 6.00 63.00 69.00 NOTE
r-patched-linux-x86_64 0.1.0 6.77 57.47 64.24 NOTE
r-release-linux-x86_64 0.1.0 3.84 57.64 61.48 NOTE
r-release-macos-arm64 0.1.0 25.00 NOTE
r-release-macos-x86_64 0.1.0 39.00 NOTE
r-release-windows-x86_64 0.1.0 8.00 63.00 71.00 NOTE
r-oldrel-macos-arm64 0.1.0 26.00 OK
r-oldrel-macos-x86_64 0.1.0 39.00 OK
r-oldrel-windows-x86_64 0.1.0 8.00 71.00 79.00 OK

Check Details

Version: 0.1.0
Check: Rd files
Result: NOTE checkRd: (-1) coalesce_xy.Rd:22: Lost braces; missing escapes or markup? 22 | the \code{conflict} argument of {powerjoin}'s join functions. \code{coalesce_xy()} is | ^ checkRd: (-1) power_left_join.Rd:67: Lost braces; missing escapes or markup? 67 | \item{by}{As in {dplyr}, but extended so user can supply a formula or a list | ^ checkRd: (-1) power_left_join.Rd:79: Lost braces; missing escapes or markup? 79 | \item{keep}{A boolean for compatibility with {dplyr}, or a value among "left", | ^ checkRd: (-1) preprocess_inputs.Rd:37: Lost braces; missing escapes or markup? 37 | only be used in the \code{x} and \code{y} arguments of {powerjoin} join functions. No | ^ Flavors: r-devel-linux-x86_64-debian-clang, r-devel-linux-x86_64-debian-gcc, r-devel-linux-x86_64-fedora-clang, r-devel-linux-x86_64-fedora-gcc, r-devel-windows-x86_64, r-patched-linux-x86_64, r-release-linux-x86_64, r-release-macos-arm64, r-release-macos-x86_64, r-release-windows-x86_64