Last updated on 2023-12-07 04:56:32 CET.
Flavor | Version | Tinstall | Tcheck | Ttotal | Status | Flags |
---|---|---|---|---|---|---|
r-devel-linux-x86_64-debian-clang | 0.1.0 | 7.24 | 61.78 | 69.02 | NOTE | |
r-devel-linux-x86_64-debian-gcc | 0.1.0 | 5.08 | 46.48 | 51.56 | NOTE | |
r-devel-linux-x86_64-fedora-clang | 0.1.0 | 83.17 | OK | |||
r-devel-linux-x86_64-fedora-gcc | 0.1.0 | 78.31 | OK | |||
r-devel-windows-x86_64 | 0.1.0 | 6.00 | 65.00 | 71.00 | OK | |
r-patched-linux-x86_64 | 0.1.0 | 4.50 | 58.96 | 63.46 | OK | |
r-release-linux-x86_64 | 0.1.0 | 3.85 | 58.42 | 62.27 | OK | |
r-release-macos-arm64 | 0.1.0 | 26.00 | OK | |||
r-release-macos-x86_64 | 0.1.0 | 39.00 | OK | |||
r-release-windows-x86_64 | 0.1.0 | 8.00 | 76.00 | 84.00 | OK | |
r-oldrel-macos-arm64 | 0.1.0 | 30.00 | OK | |||
r-oldrel-macos-x86_64 | 0.1.0 | 41.00 | OK | |||
r-oldrel-windows-x86_64 | 0.1.0 | 9.00 | 77.00 | 86.00 | OK |
Version: 0.1.0
Check: Rd files
Result: NOTE
checkRd: (-1) coalesce_xy.Rd:22: Lost braces; missing escapes or markup?
22 | the \code{conflict} argument of {powerjoin}'s join functions. \code{coalesce_xy()} is
| ^
checkRd: (-1) power_left_join.Rd:67: Lost braces; missing escapes or markup?
67 | \item{by}{As in {dplyr}, but extended so user can supply a formula or a list
| ^
checkRd: (-1) power_left_join.Rd:79: Lost braces; missing escapes or markup?
79 | \item{keep}{A boolean for compatibility with {dplyr}, or a value among "left",
| ^
checkRd: (-1) preprocess_inputs.Rd:37: Lost braces; missing escapes or markup?
37 | only be used in the \code{x} and \code{y} arguments of {powerjoin} join functions. No
| ^
Flavors: r-devel-linux-x86_64-debian-clang, r-devel-linux-x86_64-debian-gcc