CRAN Package Check Results for Package powerbydesign

Last updated on 2023-12-09 04:51:02 CET.

Flavor Version Tinstall Tcheck Ttotal Status Flags
r-devel-linux-x86_64-debian-clang 1.0.5 2.30 28.91 31.21 NOTE
r-devel-linux-x86_64-debian-gcc 1.0.5 1.83 22.37 24.20 NOTE
r-devel-linux-x86_64-fedora-clang 1.0.5 40.19 NOTE
r-devel-linux-x86_64-fedora-gcc 1.0.5 36.48 NOTE
r-devel-windows-x86_64 1.0.5 4.00 51.00 55.00 NOTE
r-patched-linux-x86_64 1.0.5 1.80 28.50 30.30 NOTE
r-release-linux-x86_64 1.0.5 1.76 27.99 29.75 NOTE
r-release-macos-arm64 1.0.5 19.00 NOTE
r-release-macos-x86_64 1.0.5 23.00 NOTE
r-release-windows-x86_64 1.0.5 4.00 51.00 55.00 NOTE
r-oldrel-macos-arm64 1.0.5 17.00 NOTE
r-oldrel-macos-x86_64 1.0.5 29.00 NOTE
r-oldrel-windows-x86_64 1.0.5 4.00 53.00 57.00 NOTE

Check Details

Version: 1.0.5
Check: LazyData
Result: NOTE 'LazyData' is specified without a 'data' directory Flavors: r-devel-linux-x86_64-debian-clang, r-devel-linux-x86_64-debian-gcc, r-devel-linux-x86_64-fedora-clang, r-devel-linux-x86_64-fedora-gcc, r-devel-windows-x86_64, r-patched-linux-x86_64, r-release-linux-x86_64, r-release-macos-arm64, r-release-macos-x86_64, r-release-windows-x86_64, r-oldrel-macos-arm64, r-oldrel-macos-x86_64, r-oldrel-windows-x86_64