Last updated on 2023-12-01 04:54:05 CET.
Flavor | Version | Tinstall | Tcheck | Ttotal | Status | Flags |
---|---|---|---|---|---|---|
r-devel-linux-x86_64-debian-clang | 0.5.4 | 3.58 | 46.09 | 49.67 | OK | |
r-devel-linux-x86_64-debian-gcc | 0.5.4 | 2.76 | 35.54 | 38.30 | OK | |
r-devel-linux-x86_64-fedora-clang | 0.5.4 | 62.79 | OK | |||
r-devel-linux-x86_64-fedora-gcc | 0.5.4 | 71.36 | OK | |||
r-devel-windows-x86_64 | 0.5.4 | 5.00 | 62.00 | 67.00 | OK | |
r-patched-linux-x86_64 | 0.5.4 | 3.07 | 44.95 | 48.02 | OK | |
r-release-linux-x86_64 | 0.5.4 | 2.31 | 45.01 | 47.32 | OK | |
r-release-macos-arm64 | 0.5.4 | 33.00 | OK | |||
r-release-macos-x86_64 | 0.5.4 | 47.00 | NOTE | |||
r-release-windows-x86_64 | 0.5.4 | 5.00 | 67.00 | 72.00 | OK | |
r-oldrel-macos-arm64 | 0.5.4 | 25.00 | OK | |||
r-oldrel-macos-x86_64 | 0.5.4 | 34.00 | OK | |||
r-oldrel-windows-x86_64 | 0.5.4 | 5.00 | 67.00 | 72.00 | OK |
Version: 0.5.4
Check: package dependencies
Result: NOTE
Package suggested but not available for checking: ‘rstan’
Flavor: r-release-macos-x86_64
Version: 0.5.4
Check: Rd cross-references
Result: NOTE
Package unavailable to check Rd xrefs: ‘rstan’
Flavor: r-release-macos-x86_64